CRAN Package Check Results for Package kangar00

Last updated on 2018-02-18 19:46:26 CET.

Flavor Version Tinstall Tcheck Ttotal Status Flags
r-devel-linux-x86_64-debian-clang 1.1 11.84 129.61 141.45 OK
r-devel-linux-x86_64-debian-gcc 1.1 10.46 100.77 111.23 OK
r-devel-windows-ix86+x86_64 1.1 17.00 132.00 149.00 OK
r-patched-linux-x86_64 1.1 10.88 129.23 140.11 OK
r-patched-solaris-x86 1.1 220.90 OK
r-release-linux-x86_64 1.1 10.41 128.38 138.79 OK
r-release-windows-ix86+x86_64 1.1 28.00 151.00 179.00 OK
r-release-osx-x86_64 1.1 ERROR
r-oldrel-windows-ix86+x86_64 1.1 17.00 180.00 197.00 OK
r-oldrel-osx-x86_64 1.1 OK

Check Details

Version: 1.1
Check: package dependencies
Result: ERROR
    Packages required but not available: ‘KEGGgraph’ ‘biomaRt’
    
    See section ‘The DESCRIPTION file’ in the ‘Writing R Extensions’
    manual.
Flavor: r-release-osx-x86_64