CRAN Package Check Results for Package kdensity

Last updated on 2018-09-22 17:47:54 CEST.

Flavor Version Tinstall Tcheck Ttotal Status Flags
r-devel-linux-x86_64-debian-clang 1.0.0 2.42 44.48 46.90 OK
r-devel-linux-x86_64-debian-gcc 1.0.0 2.06 34.36 36.42 OK
r-devel-linux-x86_64-fedora-clang 1.0.0 58.50 NOTE
r-devel-linux-x86_64-fedora-gcc 1.0.0 56.71 NOTE
r-devel-windows-ix86+x86_64 1.0.0 6.00 61.00 67.00 OK
r-patched-linux-x86_64 1.0.0 2.61 42.38 44.99 OK
r-patched-solaris-x86 1.0.0 69.60 NOTE
r-release-linux-x86_64 1.0.0 2.06 41.77 43.83 OK
r-release-windows-ix86+x86_64 1.0.0 4.00 74.00 78.00 OK
r-release-osx-x86_64 1.0.0 NOTE
r-oldrel-windows-ix86+x86_64 1.0.0 3.00 126.00 129.00 OK
r-oldrel-osx-x86_64 1.0.0 NOTE

Check Details

Version: 1.0.0
Check: dependencies in R code
Result: NOTE
    Namespaces in Imports field not imported from:
     ‘EQL’ ‘knitr’ ‘rmarkdown’
     All declared Imports should be used.
Flavors: r-devel-linux-x86_64-fedora-clang, r-devel-linux-x86_64-fedora-gcc, r-patched-solaris-x86, r-release-osx-x86_64, r-oldrel-osx-x86_64