CRAN Package Check Results for Package kdensity

Last updated on 2019-03-24 22:49:43 CET.

Flavor Version Tinstall Tcheck Ttotal Status Flags
r-devel-linux-x86_64-debian-clang 1.0.0 3.59 66.09 69.68 OK
r-devel-linux-x86_64-debian-gcc 1.0.0 2.64 50.69 53.33 OK
r-devel-linux-x86_64-fedora-clang 1.0.0 82.27 NOTE
r-devel-linux-x86_64-fedora-gcc 1.0.0 79.85 NOTE
r-devel-windows-ix86+x86_64 1.0.0 7.00 75.00 82.00 OK
r-patched-linux-x86_64 1.0.0 2.27 61.92 64.19 OK
r-patched-solaris-x86 1.0.0 71.90 NOTE
r-release-linux-x86_64 1.0.0 2.66 62.24 64.90 OK
r-release-windows-ix86+x86_64 1.0.0 4.00 58.00 62.00 OK
r-release-osx-x86_64 1.0.0 NOTE
r-oldrel-windows-ix86+x86_64 1.0.0 3.00 83.00 86.00 OK
r-oldrel-osx-x86_64 1.0.0 NOTE

Check Details

Version: 1.0.0
Check: dependencies in R code
Result: NOTE
    Namespaces in Imports field not imported from:
     ‘EQL’ ‘knitr’ ‘rmarkdown’
     All declared Imports should be used.
Flavors: r-devel-linux-x86_64-fedora-clang, r-devel-linux-x86_64-fedora-gcc, r-patched-solaris-x86, r-release-osx-x86_64, r-oldrel-osx-x86_64