CRAN Package Check Results for Package kdensity

Last updated on 2018-12-09 22:58:30 CET.

Flavor Version Tinstall Tcheck Ttotal Status Flags
r-devel-linux-x86_64-debian-clang 1.0.0 2.74 44.02 46.76 OK
r-devel-linux-x86_64-debian-gcc 1.0.0 2.26 33.06 35.32 OK
r-devel-linux-x86_64-fedora-clang 1.0.0 56.92 NOTE
r-devel-linux-x86_64-fedora-gcc 1.0.0 61.32 NOTE
r-devel-windows-ix86+x86_64 1.0.0 6.00 52.00 58.00 OK
r-patched-linux-x86_64 1.0.0 2.46 42.02 44.48 OK
r-patched-solaris-x86 1.0.0 73.80 NOTE
r-release-linux-x86_64 1.0.0 2.06 42.33 44.39 OK
r-release-windows-ix86+x86_64 1.0.0 6.00 54.00 60.00 OK
r-release-osx-x86_64 1.0.0 NOTE
r-oldrel-windows-ix86+x86_64 1.0.0 4.00 137.00 141.00 OK
r-oldrel-osx-x86_64 1.0.0 NOTE

Check Details

Version: 1.0.0
Check: dependencies in R code
Result: NOTE
    Namespaces in Imports field not imported from:
     ‘EQL’ ‘knitr’ ‘rmarkdown’
     All declared Imports should be used.
Flavors: r-devel-linux-x86_64-fedora-clang, r-devel-linux-x86_64-fedora-gcc, r-patched-solaris-x86, r-release-osx-x86_64, r-oldrel-osx-x86_64