CRAN Package Check Results for Package kdensity

Last updated on 2024-05-30 01:55:50 CEST.

Flavor Version Tinstall Tcheck Ttotal Status Flags
r-devel-linux-x86_64-debian-clang 1.1.0 9.73 90.19 99.92 NOTE
r-devel-linux-x86_64-debian-gcc 1.1.0 6.94 66.68 73.62 NOTE
r-devel-linux-x86_64-fedora-clang 1.1.0 123.38 NOTE
r-devel-linux-x86_64-fedora-gcc 1.1.0 132.69 NOTE
r-devel-windows-x86_64 1.1.0 8.00 82.00 90.00 NOTE
r-patched-linux-x86_64 1.1.0 12.18 86.24 98.42 NOTE
r-release-linux-x86_64 1.1.0 7.33 87.49 94.82 NOTE
r-release-macos-arm64 1.1.0 42.00 NOTE
r-release-windows-x86_64 1.1.0 8.00 82.00 90.00 NOTE
r-oldrel-macos-arm64 1.1.0 44.00 NOTE
r-oldrel-macos-x86_64 1.1.0 67.00 NOTE
r-oldrel-windows-x86_64 1.1.0 11.00 97.00 108.00 NOTE

Check Details

Version: 1.1.0
Check: LazyData
Result: NOTE 'LazyData' is specified without a 'data' directory Flavors: r-devel-linux-x86_64-debian-clang, r-devel-linux-x86_64-debian-gcc, r-devel-linux-x86_64-fedora-clang, r-devel-linux-x86_64-fedora-gcc, r-devel-windows-x86_64, r-patched-linux-x86_64, r-release-linux-x86_64, r-release-macos-arm64, r-release-windows-x86_64, r-oldrel-macos-arm64, r-oldrel-macos-x86_64, r-oldrel-windows-x86_64

Version: 1.1.0
Check: dependencies in R code
Result: NOTE Namespaces in Imports field not imported from: ‘EQL’ ‘univariateML’ All declared Imports should be used. Flavors: r-devel-linux-x86_64-fedora-clang, r-devel-linux-x86_64-fedora-gcc