CRAN Package Check Results for Package kdensity

Last updated on 2018-06-19 06:48:17 CEST.

Flavor Version Tinstall Tcheck Ttotal Status Flags
r-devel-linux-x86_64-debian-clang 1.0.0 2.35 42.44 44.79 OK
r-devel-linux-x86_64-debian-gcc 1.0.0 2.00 33.47 35.47 OK
r-devel-linux-x86_64-fedora-clang 1.0.0 58.80 NOTE
r-devel-linux-x86_64-fedora-gcc 1.0.0 54.69 NOTE
r-devel-windows-ix86+x86_64 1.0.0 8.00 77.00 85.00 OK
r-patched-linux-x86_64 1.0.0 2.72 43.69 46.41 OK
r-patched-solaris-x86 1.0.0 70.80 NOTE
r-release-linux-x86_64 1.0.0 1.73 41.97 43.70 OK
r-release-windows-ix86+x86_64 1.0.0 4.00 76.00 80.00 OK
r-release-osx-x86_64 1.0.0 NOTE
r-oldrel-windows-ix86+x86_64 1.0.0 3.00 117.00 120.00 OK
r-oldrel-osx-x86_64 1.0.0 NOTE

Check Details

Version: 1.0.0
Check: dependencies in R code
Result: NOTE
    Namespaces in Imports field not imported from:
     ‘EQL’ ‘knitr’ ‘rmarkdown’
     All declared Imports should be used.
Flavors: r-devel-linux-x86_64-fedora-clang, r-devel-linux-x86_64-fedora-gcc, r-patched-solaris-x86, r-release-osx-x86_64, r-oldrel-osx-x86_64