Last updated on 2022-05-17 20:51:21 CEST.
Flavor | Version | Tinstall | Tcheck | Ttotal | Status | Flags |
---|---|---|---|---|---|---|
r-devel-linux-x86_64-debian-clang | 0.6.0 | 135.60 | 206.63 | 342.23 | OK | |
r-devel-linux-x86_64-debian-gcc | 0.6.0 | 120.78 | 155.80 | 276.58 | WARN | |
r-devel-linux-x86_64-fedora-clang | 0.6.0 | 454.76 | NOTE | |||
r-devel-linux-x86_64-fedora-gcc | 0.6.0 | 458.49 | OK | |||
r-devel-windows-x86_64 | 0.6.0 | 108.00 | 314.00 | 422.00 | OK | |
r-patched-linux-x86_64 | 0.6.0 | 125.12 | 186.96 | 312.08 | OK | |
r-release-linux-x86_64 | 0.6.0 | 125.31 | 186.15 | 311.46 | OK | |
r-release-macos-arm64 | 0.6.0 | 105.00 | NOTE | |||
r-release-macos-x86_64 | 0.6.0 | 134.00 | NOTE | |||
r-release-windows-x86_64 | 0.6.0 | 116.00 | 293.00 | 409.00 | OK | |
r-oldrel-macos-arm64 | 0.6.0 | 128.00 | NOTE | |||
r-oldrel-macos-x86_64 | 0.6.0 | 128.00 | NOTE | |||
r-oldrel-windows-ix86+x86_64 | 0.6.0 | 293.00 | 300.00 | 593.00 | NOTE |
Version: 0.6.0
Check: whether package can be installed
Result: WARN
Found the following significant warnings:
/usr/include/c++/12/array:61:36: warning: array subscript 18446744073709551615 is above array bounds of ‘std::__array_traits<double, 1>::_Type’ {aka ‘const double [1]’} [-Warray-bounds]
Flavor: r-devel-linux-x86_64-debian-gcc
Version: 0.6.0
Check: installed package size
Result: NOTE
installed size is 15.2Mb
sub-directories of 1Mb or more:
doc 1.4Mb
libs 13.5Mb
Flavors: r-devel-linux-x86_64-fedora-clang, r-release-macos-arm64, r-release-macos-x86_64, r-oldrel-macos-arm64, r-oldrel-macos-x86_64, r-oldrel-windows-ix86+x86_64