CRAN Package Check Results for Package kehra

Last updated on 2018-08-19 06:46:46 CEST.

Flavor Version Tinstall Tcheck Ttotal Status Flags
r-devel-linux-x86_64-debian-clang 0.1 8.69 113.33 122.02 OK
r-devel-linux-x86_64-debian-gcc 0.1 8.17 89.62 97.79 OK
r-devel-linux-x86_64-fedora-clang 0.1 142.42 OK
r-devel-linux-x86_64-fedora-gcc 0.1 138.54 OK
r-devel-windows-ix86+x86_64 0.1 27.00 163.00 190.00 OK
r-patched-linux-x86_64 0.1 7.40 87.74 95.14 OK
r-patched-solaris-x86 0.1 180.80 OK
r-release-linux-x86_64 0.1 6.77 89.04 95.81 OK
r-release-windows-ix86+x86_64 0.1 27.00 103.00 130.00 WARN
r-release-osx-x86_64 0.1 OK
r-oldrel-windows-ix86+x86_64 0.1 15.00 103.00 118.00 WARN
r-oldrel-osx-x86_64 0.1 OK

Check Details

Version: 0.1
Check: whether package can be installed
Result: WARN
    Found the following significant warnings:
     Warning: S3 methods '[.fun_list', '[.grouped_df', 'all.equal.tbl_df', 'anti_join.data.frame', 'anti_join.tbl_df', 'arrange.data.frame', 'arrange.default', 'arrange.grouped_df', 'arrange.tbl_df', 'arrange_.data.frame', 'arrange_.tbl_df', 'as.data.frame.grouped_df', 'as.data.frame.rowwise_df', 'as.data.frame.tbl_cube', 'as.data.frame.tbl_df', 'as.table.tbl_cube', 'as.tbl.data.frame', 'as.tbl.tbl', 'as.tbl_cube.array', 'as.tbl_cube.data.frame', 'as.tbl_cube.matrix', 'as.tbl_cube.table', 'as_data_frame.grouped_df', 'as_data_frame.tbl_cube', 'auto_copy.tbl_cube', 'auto_copy.tbl_df', 'cbind.grouped_df', 'collapse.data.frame', 'collect.data.frame', 'common_by.NULL', 'common_by.character', 'common_by.default', 'common_by.list', 'compute.data.frame', 'copy_to.DBIConnection', 'copy_to.src_local', 'default_missing.data.frame', 'default_missing.default', 'dim.tbl_cube', 'distinct.data.frame', 'distinct.default', 'distinct.grouped_df', 'distinct.tbl_df', 'distinct_.data.frame', 'distinct_.grouped_df', 'dist [... truncated]
Flavors: r-release-windows-ix86+x86_64, r-oldrel-windows-ix86+x86_64