CRAN Package Check Results for Package kehra

Last updated on 2018-05-23 16:48:09 CEST.

Flavor Version Tinstall Tcheck Ttotal Status Flags
r-devel-linux-x86_64-debian-clang 0.1 8.88 104.05 112.93 OK
r-devel-linux-x86_64-debian-gcc 0.1 0.31 1.32 1.63 ERROR
r-devel-linux-x86_64-fedora-clang 0.1 140.66 OK
r-devel-linux-x86_64-fedora-gcc 0.1 135.31 OK
r-devel-windows-ix86+x86_64 0.1 18.00 148.00 166.00 OK
r-patched-linux-x86_64 0.1 6.84 84.14 90.98 OK
r-patched-solaris-x86 0.1 171.30 OK
r-release-linux-x86_64 0.1 7.39 83.29 90.68 OK
r-release-windows-ix86+x86_64 0.1 20.00 126.00 146.00 OK
r-release-osx-x86_64 0.1 OK
r-oldrel-windows-ix86+x86_64 0.1 23.00 97.00 120.00 OK
r-oldrel-osx-x86_64 0.1 OK

Check Details

Version: 0.1
Check: package dependencies
Result: ERROR
    Package required but not available: ‘Hmisc’
    
    See section ‘The DESCRIPTION file’ in the ‘Writing R Extensions’
    manual.
Flavor: r-devel-linux-x86_64-debian-gcc