CRAN Package Check Results for Package kerasformula

Last updated on 2019-04-23 02:47:14 CEST.

Flavor Version Tinstall Tcheck Ttotal Status Flags
r-devel-linux-x86_64-debian-clang 1.5.1 8.68 68.73 77.41 OK
r-devel-linux-x86_64-debian-gcc 1.5.1 7.64 53.34 60.98 OK
r-devel-linux-x86_64-fedora-clang 1.5.1 93.23 OK
r-devel-linux-x86_64-fedora-gcc 1.5.1 92.71 OK
r-devel-windows-ix86+x86_64 1.5.1 21.00 77.00 98.00 OK
r-patched-linux-x86_64 1.5.1 8.33 66.44 74.77 OK
r-patched-solaris-x86 1.5.1 145.40 OK
r-release-linux-x86_64 1.5.1 6.28 63.95 70.23 OK
r-release-windows-ix86+x86_64 1.5.1 11.00 104.00 115.00 OK
r-release-osx-x86_64 1.5.1 WARN
r-oldrel-windows-ix86+x86_64 1.5.1 17.00 109.00 126.00 OK
r-oldrel-osx-x86_64 1.5.1 OK

Check Details

Version: 1.5.1
Check: whether package can be installed
Result: WARN
    Found the following significant warnings:
     Warning: package ‘dplyr’ was built under R version 3.5.1
Flavor: r-release-osx-x86_64