CRAN Package Check Results for Package kerasformula

Last updated on 2019-02-21 21:48:40 CET.

Flavor Version Tinstall Tcheck Ttotal Status Flags
r-devel-linux-x86_64-debian-clang 1.5.1 6.67 69.30 75.97 OK
r-devel-linux-x86_64-debian-gcc 1.5.1 4.23 54.28 58.51 OK
r-devel-linux-x86_64-fedora-clang 1.5.1 95.59 OK
r-devel-linux-x86_64-fedora-gcc 1.5.1 87.19 OK
r-devel-windows-ix86+x86_64 1.5.1 15.00 80.00 95.00 OK
r-patched-linux-x86_64 1.5.1 6.18 63.78 69.96 OK
r-patched-solaris-x86 1.5.1 140.60 OK
r-release-linux-x86_64 1.5.1 OK
r-release-windows-ix86+x86_64 1.5.1 10.00 106.00 116.00 OK
r-release-osx-x86_64 1.5.1 WARN
r-oldrel-windows-ix86+x86_64 1.5.1 10.00 90.00 100.00 OK
r-oldrel-osx-x86_64 1.5.1 OK

Check Details

Version: 1.5.1
Check: whether package can be installed
Result: WARN
    Found the following significant warnings:
     Warning: package ‘dplyr’ was built under R version 3.5.1
Flavor: r-release-osx-x86_64