Last updated on 2022-08-08 10:56:25 CEST.
Flavor | Version | Tinstall | Tcheck | Ttotal | Status | Flags |
---|---|---|---|---|---|---|
r-devel-linux-x86_64-debian-clang | 0.1.0.5 | 13.20 | 125.15 | 138.35 | OK | |
r-devel-linux-x86_64-debian-gcc | 0.1.0.5 | 9.76 | 93.95 | 103.71 | OK | |
r-devel-linux-x86_64-fedora-clang | 0.1.0.5 | 182.04 | NOTE | |||
r-devel-linux-x86_64-fedora-gcc | 0.1.0.5 | 173.95 | NOTE | |||
r-devel-windows-x86_64 | 0.1.0.5 | 48.00 | 158.00 | 206.00 | OK | |
r-patched-linux-x86_64 | 0.1.0.5 | 12.13 | 119.09 | 131.22 | OK | |
r-release-linux-x86_64 | 0.1.0.5 | OK | ||||
r-release-macos-arm64 | 0.1.0.5 | 51.00 | NOTE | |||
r-release-macos-x86_64 | 0.1.0.5 | 86.00 | NOTE | |||
r-release-windows-x86_64 | 0.1.0.5 | 42.00 | 171.00 | 213.00 | OK | |
r-oldrel-macos-arm64 | 0.1.0.5 | 40.00 | NOTE | |||
r-oldrel-macos-x86_64 | 0.1.0.5 | 67.00 | NOTE | |||
r-oldrel-windows-ix86+x86_64 | 0.1.0.5 | 8.00 | 10.00 | 18.00 | ERROR |
Version: 0.1.0.5
Check: dependencies in R code
Result: NOTE
Namespace in Imports field not imported from: ‘keras’
All declared Imports should be used.
Flavors: r-devel-linux-x86_64-fedora-clang, r-devel-linux-x86_64-fedora-gcc, r-release-macos-arm64, r-release-macos-x86_64, r-oldrel-macos-arm64, r-oldrel-macos-x86_64
Version: 0.1.0.5
Check: whether package can be installed
Result: ERROR
Installation failed.
Flavor: r-oldrel-windows-ix86+x86_64