CRAN Package Check Results for Package kernscr

Last updated on 2020-01-19 15:47:35 CET.

Flavor Version Tinstall Tcheck Ttotal Status Flags
r-devel-linux-x86_64-debian-clang 1.0.5 3.04 24.56 27.60 OK
r-devel-linux-x86_64-debian-gcc 1.0.5 2.60 19.74 22.34 OK
r-devel-linux-x86_64-fedora-clang 1.0.5 34.46 OK
r-devel-linux-x86_64-fedora-gcc 1.0.5 34.12 OK
r-devel-windows-ix86+x86_64 1.0.5 14.00 38.00 52.00 OK
r-devel-windows-ix86+x86_64-gcc8 1.0.5 7.00 56.00 63.00 OK
r-patched-linux-x86_64 1.0.5 2.60 22.48 25.08 OK
r-patched-solaris-x86 1.0.5 47.00 OK
r-release-linux-x86_64 1.0.5 2.55 22.73 25.28 OK
r-release-windows-ix86+x86_64 1.0.5 9.00 35.00 44.00 OK
r-release-osx-x86_64 1.0.5 NOTE
r-oldrel-windows-ix86+x86_64 1.0.5 5.00 37.00 42.00 OK
r-oldrel-osx-x86_64 1.0.5 OK

Check Details

Version: 1.0.5
Check: package dependencies
Result: NOTE
    Package suggested but not available for checking: ‘org.Hs.eg.db’
Flavor: r-release-osx-x86_64