CRAN Package Check Results for Package kernscr

Last updated on 2019-09-16 00:47:43 CEST.

Flavor Version Tinstall Tcheck Ttotal Status Flags
r-devel-linux-x86_64-debian-clang 1.0.5 2.65 23.15 25.80 OK
r-devel-linux-x86_64-debian-gcc 1.0.5 1.96 18.19 20.15 OK
r-devel-linux-x86_64-fedora-clang 1.0.5 34.10 OK
r-devel-linux-x86_64-fedora-gcc 1.0.5 30.52 OK
r-devel-windows-ix86+x86_64 1.0.5 8.00 34.00 42.00 OK
r-patched-linux-x86_64 1.0.5 2.44 23.12 25.56 OK
r-patched-solaris-x86 1.0.5 49.90 OK
r-release-linux-x86_64 1.0.5 2.70 23.15 25.85 OK
r-release-windows-ix86+x86_64 1.0.5 7.00 52.00 59.00 OK
r-release-osx-x86_64 1.0.5 NOTE
r-oldrel-windows-ix86+x86_64 1.0.5 6.00 35.00 41.00 OK
r-oldrel-osx-x86_64 1.0.5 OK

Check Details

Version: 1.0.5
Check: package dependencies
Result: NOTE
    Package suggested but not available for checking: ‘org.Hs.eg.db’
Flavor: r-release-osx-x86_64