Last updated on 2023-12-05 11:52:43 CET.
Flavor | Version | Tinstall | Tcheck | Ttotal | Status | Flags |
---|---|---|---|---|---|---|
r-devel-linux-x86_64-debian-clang | 0.0.2 | 11.68 | 122.01 | 133.69 | NOTE | |
r-devel-linux-x86_64-debian-gcc | 0.0.2 | 9.12 | 92.92 | 102.04 | NOTE | |
r-devel-linux-x86_64-fedora-clang | 0.0.2 | 177.77 | NOTE | |||
r-devel-linux-x86_64-fedora-gcc | 0.0.2 | 185.58 | NOTE | |||
r-devel-windows-x86_64 | 0.0.2 | 10.00 | 124.00 | 134.00 | NOTE | |
r-patched-linux-x86_64 | 0.0.2 | 6.95 | 118.50 | 125.45 | NOTE | |
r-release-linux-x86_64 | 0.0.2 | 7.92 | 117.54 | 125.46 | NOTE | |
r-release-macos-arm64 | 0.0.2 | 70.00 | NOTE | |||
r-release-macos-x86_64 | 0.0.2 | 100.00 | NOTE | |||
r-release-windows-x86_64 | 0.0.2 | 11.00 | 125.00 | 136.00 | NOTE | |
r-oldrel-macos-arm64 | 0.0.2 | 175.00 | OK | |||
r-oldrel-macos-x86_64 | 0.0.2 | 140.00 | OK | |||
r-oldrel-windows-x86_64 | 0.0.2 | 12.00 | 135.00 | 147.00 | OK |
Version: 0.0.2
Check: Rd \usage sections
Result: NOTE
S3 methods shown with full name in Rd file 'bw.abram.temp.Rd':
‘bw.abram.temp’
The \usage entries for S3 methods should use the \method markup and not
their full name.
See chapter ‘Writing R documentation files’ in the ‘Writing R
Extensions’ manual.
Flavors: r-devel-linux-x86_64-debian-clang, r-devel-linux-x86_64-debian-gcc, r-devel-linux-x86_64-fedora-clang, r-devel-linux-x86_64-fedora-gcc, r-devel-windows-x86_64
Version: 0.0.2
Check: Rd \usage sections
Result: NOTE
S3 methods shown with full name in documentation object 'bw.abram.temp':
‘bw.abram.temp’
The \usage entries for S3 methods should use the \method markup and not
their full name.
See chapter ‘Writing R documentation files’ in the ‘Writing R
Extensions’ manual.
Flavors: r-patched-linux-x86_64, r-release-linux-x86_64, r-release-macos-arm64, r-release-macos-x86_64, r-release-windows-x86_64