CRAN Package Check Results for Package kknn

Last updated on 2019-02-17 21:47:37 CET.

Flavor Version Tinstall Tcheck Ttotal Status Flags
r-devel-linux-x86_64-debian-clang 1.3.1 6.00 63.01 69.01 OK
r-devel-linux-x86_64-debian-gcc 1.3.1 4.72 49.16 53.88 OK
r-devel-linux-x86_64-fedora-clang 1.3.1 84.25 NOTE
r-devel-linux-x86_64-fedora-gcc 1.3.1 76.81 NOTE
r-devel-windows-ix86+x86_64 1.3.1 16.00 83.00 99.00 OK
r-patched-linux-x86_64 1.3.1 4.85 58.73 63.58 OK
r-patched-solaris-x86 1.3.1 119.10 OK
r-release-linux-x86_64 1.3.1 OK
r-release-windows-ix86+x86_64 1.3.1 12.00 118.00 130.00 OK
r-release-osx-x86_64 1.3.1 OK
r-oldrel-windows-ix86+x86_64 1.3.1 10.00 91.00 101.00 OK
r-oldrel-osx-x86_64 1.3.1 OK

Check Details

Version: 1.3.1
Check: compiled code
Result: NOTE
    File ‘kknn/libs/kknn.so’:
     Found no calls to: ‘R_registerRoutines’, ‘R_useDynamicSymbols’
    
    It is good practice to register native routines and to disable symbol
    search.
    
    See ‘Writing portable packages’ in the ‘Writing R Extensions’ manual.
Flavors: r-devel-linux-x86_64-fedora-clang, r-devel-linux-x86_64-fedora-gcc