CRAN Package Check Results for Package kknn

Last updated on 2018-08-21 06:50:11 CEST.

Flavor Version Tinstall Tcheck Ttotal Status Flags
r-devel-linux-x86_64-debian-clang 1.3.1 6.94 67.79 74.73 NOTE
r-devel-linux-x86_64-debian-gcc 1.3.1 5.25 53.94 59.19 NOTE
r-devel-linux-x86_64-fedora-clang 1.3.1 87.56 NOTE
r-devel-linux-x86_64-fedora-gcc 1.3.1 88.38 NOTE
r-devel-windows-ix86+x86_64 1.3.1 15.00 125.00 140.00 OK
r-patched-linux-x86_64 1.3.1 5.79 57.76 63.55 NOTE
r-patched-solaris-x86 1.3.1 127.70 OK
r-release-linux-x86_64 1.3.1 4.40 58.21 62.61 NOTE
r-release-windows-ix86+x86_64 1.3.1 13.00 89.00 102.00 OK
r-release-osx-x86_64 1.3.1 OK
r-oldrel-windows-ix86+x86_64 1.3.1 9.00 108.00 117.00 OK
r-oldrel-osx-x86_64 1.3.1 OK

Check Details

Version: 1.3.1
Check: compiled code
Result: NOTE
    File ‘kknn/libs/kknn.so’:
     Found no calls to: ‘R_registerRoutines’, ‘R_useDynamicSymbols’
    
    It is good practice to register native routines and to disable symbol
    search.
    
    See ‘Writing portable packages’ in the ‘Writing R Extensions’ manual.
Flavors: r-devel-linux-x86_64-debian-clang, r-devel-linux-x86_64-debian-gcc, r-devel-linux-x86_64-fedora-clang, r-devel-linux-x86_64-fedora-gcc, r-patched-linux-x86_64, r-release-linux-x86_64