CRAN Package Check Results for Package kknn

Last updated on 2018-11-17 13:47:32 CET.

Flavor Version Tinstall Tcheck Ttotal Status Flags
r-devel-linux-x86_64-debian-clang 1.3.1 5.31 60.79 66.10 OK
r-devel-linux-x86_64-debian-gcc 1.3.1 4.27 49.40 53.67 OK
r-devel-linux-x86_64-fedora-clang 1.3.1 87.70 NOTE
r-devel-linux-x86_64-fedora-gcc 1.3.1 78.07 NOTE
r-devel-windows-ix86+x86_64 1.3.1 13.00 118.00 131.00 OK
r-patched-linux-x86_64 1.3.1 5.83 57.56 63.39 OK
r-patched-solaris-x86 1.3.1 123.20 OK
r-release-linux-x86_64 1.3.1 4.70 57.99 62.69 OK
r-release-windows-ix86+x86_64 1.3.1 15.00 114.00 129.00 OK
r-release-osx-x86_64 1.3.1 OK
r-oldrel-windows-ix86+x86_64 1.3.1 15.00 124.00 139.00 OK
r-oldrel-osx-x86_64 1.3.1 OK

Check Details

Version: 1.3.1
Check: compiled code
Result: NOTE
    File ‘kknn/libs/kknn.so’:
     Found no calls to: ‘R_registerRoutines’, ‘R_useDynamicSymbols’
    
    It is good practice to register native routines and to disable symbol
    search.
    
    See ‘Writing portable packages’ in the ‘Writing R Extensions’ manual.
Flavors: r-devel-linux-x86_64-fedora-clang, r-devel-linux-x86_64-fedora-gcc