CRAN Package Check Results for Package klic

Last updated on 2022-08-12 02:53:39 CEST.

Flavor Version Tinstall Tcheck Ttotal Status Flags
r-devel-linux-x86_64-debian-clang 1.0.4 3.24 41.96 45.20 NOTE
r-devel-linux-x86_64-debian-gcc 1.0.4 2.67 24.42 27.09 NOTE
r-devel-linux-x86_64-fedora-clang 1.0.4 64.26 NOTE
r-devel-linux-x86_64-fedora-gcc 1.0.4 62.35 NOTE
r-devel-windows-x86_64 1.0.4 12.00 83.00 95.00 NOTE
r-patched-linux-x86_64 1.0.4 2.02 39.90 41.92 NOTE
r-release-linux-x86_64 1.0.4 2.10 30.09 32.19 NOTE
r-release-macos-arm64 1.0.4 24.00 NOTE
r-release-macos-x86_64 1.0.4 42.00 NOTE
r-release-windows-x86_64 1.0.4 20.00 62.00 82.00 NOTE
r-oldrel-macos-arm64 1.0.4 21.00 NOTE
r-oldrel-macos-x86_64 1.0.4 29.00 NOTE
r-oldrel-windows-ix86+x86_64 1.0.4 9.00 54.00 63.00 NOTE

Check Details

Version: 1.0.4
Check: LazyData
Result: NOTE
     'LazyData' is specified without a 'data' directory
Flavors: r-devel-linux-x86_64-debian-clang, r-devel-linux-x86_64-debian-gcc, r-devel-linux-x86_64-fedora-clang, r-devel-linux-x86_64-fedora-gcc, r-devel-windows-x86_64, r-patched-linux-x86_64, r-release-linux-x86_64, r-release-macos-arm64, r-release-macos-x86_64, r-release-windows-x86_64, r-oldrel-macos-arm64, r-oldrel-macos-x86_64, r-oldrel-windows-ix86+x86_64