CRAN Package Check Results for Package klustR

Last updated on 2020-01-27 04:48:10 CET.

Flavor Version Tinstall Tcheck Ttotal Status Flags
r-devel-linux-x86_64-debian-clang 0.1.0 2.34 25.10 27.44 OK
r-devel-linux-x86_64-debian-gcc 0.1.0 2.33 20.03 22.36 OK
r-devel-linux-x86_64-fedora-clang 0.1.0 34.24 OK
r-devel-linux-x86_64-fedora-gcc 0.1.0 33.31 OK
r-devel-windows-ix86+x86_64 0.1.0 10.00 59.00 69.00 OK
r-devel-windows-ix86+x86_64-gcc8 0.1.0 10.00 50.00 60.00 OK
r-patched-linux-x86_64 0.1.0 2.46 23.00 25.46 OK
r-patched-solaris-x86 0.1.0 50.40 OK
r-release-linux-x86_64 0.1.0 2.36 22.82 25.18 OK
r-release-windows-ix86+x86_64 0.1.0 6.00 34.00 40.00 OK
r-release-osx-x86_64 0.1.0 OK
r-oldrel-osx-x86_64 0.1.0 ERROR

Check Details

Version: 0.1.0
Check: whether package can be installed
Result: ERROR
    Installation failed.
Flavor: r-oldrel-osx-x86_64