CRAN Package Check Results for Package klustR

Last updated on 2019-09-16 00:47:43 CEST.

Flavor Version Tinstall Tcheck Ttotal Status Flags
r-devel-linux-x86_64-debian-clang 0.1.0 2.38 23.16 25.54 OK
r-devel-linux-x86_64-debian-gcc 0.1.0 2.13 18.02 20.15 OK
r-devel-linux-x86_64-fedora-clang 0.1.0 31.08 OK
r-devel-linux-x86_64-fedora-gcc 0.1.0 30.01 OK
r-devel-windows-ix86+x86_64 0.1.0 12.00 37.00 49.00 OK
r-patched-linux-x86_64 0.1.0 2.40 22.72 25.12 OK
r-patched-solaris-x86 0.1.0 48.60 OK
r-release-linux-x86_64 0.1.0 2.01 22.69 24.70 OK
r-release-windows-ix86+x86_64 0.1.0 6.00 54.00 60.00 OK
r-release-osx-x86_64 0.1.0 OK
r-oldrel-osx-x86_64 0.1.0 ERROR

Check Details

Version: 0.1.0
Check: whether package can be installed
Result: ERROR
    Installation failed.
Flavor: r-oldrel-osx-x86_64