CRAN Package Check Results for Package kml

Last updated on 2020-05-29 17:49:08 CEST.

Flavor Version Tinstall Tcheck Ttotal Status Flags
r-devel-linux-x86_64-debian-clang 2.4.1 8.44 55.22 63.66 NOTE
r-devel-linux-x86_64-debian-gcc 2.4.1 7.01 42.69 49.70 NOTE
r-devel-linux-x86_64-fedora-clang 2.4.1 74.09 NOTE
r-devel-linux-x86_64-fedora-gcc 2.4.1 75.68 NOTE
r-devel-windows-ix86+x86_64 2.4.1 26.00 100.00 126.00 OK
r-patched-linux-x86_64 2.4.1 9.22 55.16 64.38 NOTE
r-patched-solaris-x86 2.4.1 110.30 NOTE
r-release-linux-x86_64 2.4.1 8.91 54.41 63.32 NOTE
r-release-osx-x86_64 2.4.1 OK
r-release-windows-ix86+x86_64 2.4.1 23.00 129.00 152.00 OK
r-oldrel-osx-x86_64 2.4.1 WARN
r-oldrel-windows-ix86+x86_64 2.4.1 18.00 92.00 110.00 OK

Check Details

Version: 2.4.1
Check: for non-standard things in the check directory
Result: NOTE
    Found the following files/directories:
     'cld1.Rdata' 'ld.Rdata' 'myCld.Rdata'
Flavors: r-devel-linux-x86_64-debian-clang, r-devel-linux-x86_64-debian-gcc, r-devel-linux-x86_64-fedora-clang, r-devel-linux-x86_64-fedora-gcc, r-patched-linux-x86_64, r-patched-solaris-x86, r-release-linux-x86_64

Version: 2.4.1
Check: compiled code
Result: NOTE
    File ‘kml/libs/kml.so’:
     Found no calls to: ‘R_registerRoutines’, ‘R_useDynamicSymbols’
    
    It is good practice to register native routines and to disable symbol
    search.
    
    See ‘Writing portable packages’ in the ‘Writing R Extensions’ manual.
Flavors: r-devel-linux-x86_64-fedora-clang, r-devel-linux-x86_64-fedora-gcc

Version: 2.4.1
Check: whether package can be installed
Result: WARN
    Found the following significant warnings:
     Warning: 'rgl_init' failed, running with rgl.useNULL = TRUE
Flavor: r-oldrel-osx-x86_64