CRAN Package Check Results for Package kml

Last updated on 2022-10-01 11:49:29 CEST.

Flavor Version Tinstall Tcheck Ttotal Status Flags
r-devel-linux-x86_64-debian-clang 2.4.1 7.89 64.64 72.53 NOTE
r-devel-linux-x86_64-debian-gcc 2.4.1 7.08 50.13 57.21 NOTE
r-devel-linux-x86_64-fedora-clang 2.4.1 104.51 NOTE
r-devel-linux-x86_64-fedora-gcc 2.4.1 99.95 NOTE
r-devel-windows-x86_64 2.4.1 29.00 95.00 124.00 OK
r-patched-linux-x86_64 2.4.1 15.26 65.88 81.14 NOTE
r-release-linux-x86_64 2.4.1 9.28 65.90 75.18 NOTE
r-release-macos-arm64 2.4.1 37.00 OK
r-release-macos-x86_64 2.4.1 53.00 OK
r-release-windows-x86_64 2.4.1 22.00 94.00 116.00 OK
r-oldrel-macos-arm64 2.4.1 62.00 OK
r-oldrel-macos-x86_64 2.4.1 75.00 OK
r-oldrel-windows-ix86+x86_64 2.4.1 22.00 118.00 140.00 OK

Check Details

Version: 2.4.1
Check: for non-standard things in the check directory
Result: NOTE
    Found the following files/directories:
     'cld1.Rdata' 'ld.Rdata' 'myCld.Rdata'
Flavors: r-devel-linux-x86_64-debian-clang, r-devel-linux-x86_64-debian-gcc, r-devel-linux-x86_64-fedora-clang, r-devel-linux-x86_64-fedora-gcc, r-patched-linux-x86_64, r-release-linux-x86_64

Version: 2.4.1
Check: Rd cross-references
Result: NOTE
    Undeclared package ‘kml3d’ in Rd xrefs
Flavor: r-devel-linux-x86_64-fedora-clang

Version: 2.4.1
Check: compiled code
Result: NOTE
    File ‘kml/libs/kml.so’:
     Found no calls to: ‘R_registerRoutines’, ‘R_useDynamicSymbols’
    
    It is good practice to register native routines and to disable symbol
    search.
    
    See ‘Writing portable packages’ in the ‘Writing R Extensions’ manual.
Flavors: r-devel-linux-x86_64-fedora-clang, r-devel-linux-x86_64-fedora-gcc