CRAN Package Check Results for Package kml3d

Last updated on 2019-09-15 08:47:20 CEST.

Flavor Version Tinstall Tcheck Ttotal Status Flags
r-devel-linux-x86_64-debian-clang 2.4.2 6.46 50.66 57.12 NOTE
r-devel-linux-x86_64-debian-gcc 2.4.2 5.44 39.17 44.61 NOTE
r-devel-linux-x86_64-fedora-clang 2.4.2 69.03 NOTE
r-devel-linux-x86_64-fedora-gcc 2.4.2 67.60 NOTE
r-devel-windows-ix86+x86_64 2.4.2 29.00 66.00 95.00 OK
r-patched-linux-x86_64 2.4.2 6.14 50.51 56.65 OK
r-patched-solaris-x86 2.4.2 98.50 OK
r-release-linux-x86_64 2.4.2 6.54 48.83 55.37 OK
r-release-windows-ix86+x86_64 2.4.2 18.00 92.00 110.00 OK
r-release-osx-x86_64 2.4.2 WARN
r-oldrel-windows-ix86+x86_64 2.4.2 21.00 65.00 86.00 OK
r-oldrel-osx-x86_64 2.4.2 OK

Check Details

Version: 2.4.2
Check: for non-standard things in the check directory
Result: NOTE
    Found the following files/directories:
     'cld1.Rdata' 'main.tex' 'myCld.Rdata' 'myCld3d.Rdata' 'scene.asy'
Flavors: r-devel-linux-x86_64-debian-clang, r-devel-linux-x86_64-debian-gcc, r-devel-linux-x86_64-fedora-clang, r-devel-linux-x86_64-fedora-gcc

Version: 2.4.2
Check: whether package can be installed
Result: WARN
    Found the following significant warnings:
     Warning: 'rgl_init' failed, running with rgl.useNULL = TRUE
Flavor: r-release-osx-x86_64