CRAN Package Check Results for Package kml3d

Last updated on 2020-01-27 04:48:10 CET.

Flavor Version Tinstall Tcheck Ttotal Status Flags
r-devel-linux-x86_64-debian-clang 2.4.2 6.43 55.93 62.36 NOTE
r-devel-linux-x86_64-debian-gcc 2.4.2 6.50 43.16 49.66 NOTE
r-devel-linux-x86_64-fedora-clang 2.4.2 76.67 NOTE
r-devel-linux-x86_64-fedora-gcc 2.4.2 75.12 NOTE
r-devel-windows-ix86+x86_64 2.4.2 38.00 112.00 150.00 OK
r-devel-windows-ix86+x86_64-gcc8 2.4.2 42.00 92.00 134.00 OK
r-patched-linux-x86_64 2.4.2 6.31 49.52 55.83 OK
r-patched-solaris-x86 2.4.2 102.50 OK
r-release-linux-x86_64 2.4.2 6.85 49.22 56.07 OK
r-release-windows-ix86+x86_64 2.4.2 17.00 64.00 81.00 OK
r-release-osx-x86_64 2.4.2 WARN
r-oldrel-windows-ix86+x86_64 2.4.2 12.00 61.00 73.00 OK
r-oldrel-osx-x86_64 2.4.2 OK

Check Details

Version: 2.4.2
Check: for non-standard things in the check directory
Result: NOTE
    Found the following files/directories:
     'cld1.Rdata' 'main.tex' 'myCld.Rdata' 'myCld3d.Rdata' 'scene.asy'
Flavors: r-devel-linux-x86_64-debian-clang, r-devel-linux-x86_64-debian-gcc, r-devel-linux-x86_64-fedora-clang, r-devel-linux-x86_64-fedora-gcc

Version: 2.4.2
Check: whether package can be installed
Result: WARN
    Found the following significant warnings:
     Warning: 'rgl_init' failed, running with rgl.useNULL = TRUE
Flavor: r-release-osx-x86_64