CRAN Package Check Results for Package kml3d

Last updated on 2022-12-10 09:54:03 CET.

Flavor Version Tinstall Tcheck Ttotal Status Flags
r-devel-linux-x86_64-debian-clang 2.4.2 9.26 70.51 79.77 NOTE
r-devel-linux-x86_64-debian-gcc 2.4.2 7.93 55.60 63.53 NOTE
r-devel-linux-x86_64-fedora-clang 2.4.2 106.24 NOTE
r-devel-linux-x86_64-fedora-gcc 2.4.2 106.11 NOTE
r-devel-windows-x86_64 2.4.2 23.00 103.00 126.00 OK
r-patched-linux-x86_64 2.4.2 14.75 68.03 82.78 NOTE
r-release-linux-x86_64 2.4.2 8.89 68.19 77.08 NOTE
r-release-macos-arm64 2.4.2 43.00 OK
r-release-macos-x86_64 2.4.2 53.00 OK
r-release-windows-x86_64 2.4.2 26.00 106.00 132.00 OK
r-oldrel-macos-arm64 2.4.2 44.00 OK
r-oldrel-macos-x86_64 2.4.2 69.00 OK
r-oldrel-windows-ix86+x86_64 2.4.2 20.00 91.00 111.00 OK

Check Details

Version: 2.4.2
Check: for non-standard things in the check directory
Result: NOTE
    Found the following files/directories:
     'cld1.Rdata' 'main.tex' 'myCld.Rdata' 'myCld3d.Rdata' 'scene.asy'
Flavors: r-devel-linux-x86_64-debian-clang, r-devel-linux-x86_64-debian-gcc, r-devel-linux-x86_64-fedora-clang, r-devel-linux-x86_64-fedora-gcc, r-patched-linux-x86_64, r-release-linux-x86_64