CRAN Package Check Results for Package kmlShape

Last updated on 2020-05-29 17:49:08 CEST.

Flavor Version Tinstall Tcheck Ttotal Status Flags
r-devel-linux-x86_64-debian-clang 0.9.5 9.52 58.94 68.46 OK
r-devel-linux-x86_64-debian-gcc 0.9.5 7.07 45.56 52.63 OK
r-devel-linux-x86_64-fedora-clang 0.9.5 80.88 NOTE
r-devel-linux-x86_64-fedora-gcc 0.9.5 79.21 NOTE
r-devel-windows-ix86+x86_64 0.9.5 30.00 105.00 135.00 OK
r-patched-linux-x86_64 0.9.5 10.50 57.93 68.43 OK
r-patched-solaris-x86 0.9.5 119.80 OK
r-release-linux-x86_64 0.9.5 11.54 57.92 69.46 OK
r-release-osx-x86_64 0.9.5 OK
r-release-windows-ix86+x86_64 0.9.5 26.00 135.00 161.00 OK
r-oldrel-osx-x86_64 0.9.5 WARN
r-oldrel-windows-ix86+x86_64 0.9.5 22.00 96.00 118.00 OK

Check Details

Version: 0.9.5
Check: compiled code
Result: NOTE
    File ‘kmlShape/libs/kmlShape.so’:
     Found no calls to: ‘R_registerRoutines’, ‘R_useDynamicSymbols’
    
    It is good practice to register native routines and to disable symbol
    search.
    
    See ‘Writing portable packages’ in the ‘Writing R Extensions’ manual.
Flavors: r-devel-linux-x86_64-fedora-clang, r-devel-linux-x86_64-fedora-gcc

Version: 0.9.5
Check: whether package can be installed
Result: WARN
    Found the following significant warnings:
     Warning: 'rgl_init' failed, running with rgl.useNULL = TRUE
Flavor: r-oldrel-osx-x86_64