CRAN Package Check Results for Package kmlShape

Last updated on 2019-11-16 02:48:36 CET.

Flavor Version Tinstall Tcheck Ttotal Status Flags
r-devel-linux-x86_64-debian-clang 0.9.5 8.28 52.25 60.53 OK
r-devel-linux-x86_64-debian-gcc 0.9.5 7.25 39.98 47.23 OK
r-devel-linux-x86_64-fedora-clang 0.9.5 70.67 NOTE
r-devel-linux-x86_64-fedora-gcc 0.9.5 71.05 NOTE
r-devel-windows-ix86+x86_64 0.9.5 44.00 152.00 196.00 OK
r-patched-linux-x86_64 0.9.5 7.13 49.63 56.76 OK
r-patched-solaris-x86 0.9.5 108.80 OK
r-release-linux-x86_64 0.9.5 7.51 49.60 57.11 OK
r-release-windows-ix86+x86_64 0.9.5 20.00 119.00 139.00 OK
r-release-osx-x86_64 0.9.5 WARN
r-oldrel-windows-ix86+x86_64 0.9.5 11.00 119.00 130.00 OK
r-oldrel-osx-x86_64 0.9.5 OK

Check Details

Version: 0.9.5
Check: compiled code
Result: NOTE
    File ‘kmlShape/libs/kmlShape.so’:
     Found no calls to: ‘R_registerRoutines’, ‘R_useDynamicSymbols’
    
    It is good practice to register native routines and to disable symbol
    search.
    
    See ‘Writing portable packages’ in the ‘Writing R Extensions’ manual.
Flavors: r-devel-linux-x86_64-fedora-clang, r-devel-linux-x86_64-fedora-gcc

Version: 0.9.5
Check: whether package can be installed
Result: WARN
    Found the following significant warnings:
     Warning: 'rgl_init' failed, running with rgl.useNULL = TRUE
Flavor: r-release-osx-x86_64