CRAN Package Check Results for Package knitr

Last updated on 2018-01-19 18:47:00 CET.

Flavor Version Tinstall Tcheck Ttotal Status Flags
r-devel-linux-x86_64-debian-clang 1.18 4.42 82.46 86.88 ERROR
r-devel-linux-x86_64-debian-gcc 1.18 4.35 61.77 66.12 ERROR
r-devel-linux-x86_64-fedora-clang 1.18 100.45 OK
r-devel-linux-x86_64-fedora-gcc 1.18 97.58 OK
r-devel-windows-ix86+x86_64 1.18 59.00 115.00 174.00 OK
r-patched-linux-x86_64 1.18 4.84 80.13 84.97 ERROR
r-patched-solaris-x86 1.18 120.60 OK
r-release-linux-x86_64 1.18 5.72 79.54 85.26 ERROR
r-release-windows-ix86+x86_64 1.18 30.00 112.00 142.00 OK
r-release-osx-x86_64 1.18 OK
r-oldrel-windows-ix86+x86_64 1.18 58.00 94.00 152.00 OK
r-oldrel-osx-x86_64 1.18 OK

Check Details

Version: 1.18
Check: examples
Result: ERROR
    Running examples in ‘knitr-Ex.R’ failed
    The error most likely occurred in:
    
    > base::assign(".ptime", proc.time(), pos = "CheckExEnv")
    > ### Name: spin
    > ### Title: Spin goat's hair into wool
    > ### Aliases: spin
    >
    > ### ** Examples
    >
    > #' write normal text like this and chunk options like below
    >
    > #+ label, opt=value
    >
    > # /*
    > #' these lines are treated as comments in spin()
    > 1 + 1
    [1] 2
    > # */
    >
    > (s = system.file("examples", "knitr-spin.R", package = "knitr"))
    [1] "/home/hornik/tmp/R.check/r-devel-clang/Work/build/Packages/knitr/examples/knitr-spin.R"
    > spin(s) # default markdown
    Warning in file(file, ifelse(append, "a", "w")) :
     cannot open file '/home/hornik/tmp/R.check/r-devel-clang/Work/build/Packages/knitr/examples/knitr-spin.Rmd': Read-only file system
    Error in file(file, ifelse(append, "a", "w")) :
     cannot open the connection
    Calls: spin -> cat -> file
    Execution halted
Flavor: r-devel-linux-x86_64-debian-clang

Version: 1.18
Check: examples
Result: ERROR
    Running examples in ‘knitr-Ex.R’ failed
    The error most likely occurred in:
    
    > base::assign(".ptime", proc.time(), pos = "CheckExEnv")
    > ### Name: spin
    > ### Title: Spin goat's hair into wool
    > ### Aliases: spin
    >
    > ### ** Examples
    >
    > #' write normal text like this and chunk options like below
    >
    > #+ label, opt=value
    >
    > # /*
    > #' these lines are treated as comments in spin()
    > 1 + 1
    [1] 2
    > # */
    >
    > (s = system.file("examples", "knitr-spin.R", package = "knitr"))
    [1] "/home/hornik/tmp/R.check/r-devel-gcc/Work/build/Packages/knitr/examples/knitr-spin.R"
    > spin(s) # default markdown
    Warning in file(file, ifelse(append, "a", "w")) :
     cannot open file '/home/hornik/tmp/R.check/r-devel-gcc/Work/build/Packages/knitr/examples/knitr-spin.Rmd': Read-only file system
    Error in file(file, ifelse(append, "a", "w")) :
     cannot open the connection
    Calls: spin -> cat -> file
    Execution halted
Flavor: r-devel-linux-x86_64-debian-gcc

Version: 1.18
Check: examples
Result: ERROR
    Running examples in ‘knitr-Ex.R’ failed
    The error most likely occurred in:
    
    > base::assign(".ptime", proc.time(), pos = "CheckExEnv")
    > ### Name: spin
    > ### Title: Spin goat's hair into wool
    > ### Aliases: spin
    >
    > ### ** Examples
    >
    > #' write normal text like this and chunk options like below
    >
    > #+ label, opt=value
    >
    > # /*
    > #' these lines are treated as comments in spin()
    > 1 + 1
    [1] 2
    > # */
    >
    > (s = system.file("examples", "knitr-spin.R", package = "knitr"))
    [1] "/home/hornik/tmp/R.check/r-patched-gcc/Work/build/Packages/knitr/examples/knitr-spin.R"
    > spin(s) # default markdown
    Warning in file(file, ifelse(append, "a", "w")) :
     cannot open file '/home/hornik/tmp/R.check/r-patched-gcc/Work/build/Packages/knitr/examples/knitr-spin.Rmd': Read-only file system
    Error in file(file, ifelse(append, "a", "w")) :
     cannot open the connection
    Calls: spin -> cat -> file
    Execution halted
Flavor: r-patched-linux-x86_64

Version: 1.18
Check: examples
Result: ERROR
    Running examples in ‘knitr-Ex.R’ failed
    The error most likely occurred in:
    
    > base::assign(".ptime", proc.time(), pos = "CheckExEnv")
    > ### Name: spin
    > ### Title: Spin goat's hair into wool
    > ### Aliases: spin
    >
    > ### ** Examples
    >
    > #' write normal text like this and chunk options like below
    >
    > #+ label, opt=value
    >
    > # /*
    > #' these lines are treated as comments in spin()
    > 1 + 1
    [1] 2
    > # */
    >
    > (s = system.file("examples", "knitr-spin.R", package = "knitr"))
    [1] "/home/hornik/tmp/R.check/r-release-gcc/Work/build/Packages/knitr/examples/knitr-spin.R"
    > spin(s) # default markdown
    Warning in file(file, ifelse(append, "a", "w")) :
     cannot open file '/home/hornik/tmp/R.check/r-release-gcc/Work/build/Packages/knitr/examples/knitr-spin.Rmd': Read-only file system
    Error in file(file, ifelse(append, "a", "w")) :
     cannot open the connection
    Calls: spin -> cat -> file
    Execution halted
Flavor: r-release-linux-x86_64