CRAN Package Check Results for Package knitrBootstrap

Last updated on 2018-05-23 09:47:15 CEST.

Flavor Version Tinstall Tcheck Ttotal Status Flags
r-devel-linux-x86_64-debian-clang 1.0.1 2.35 41.62 43.97 OK
r-devel-linux-x86_64-debian-gcc 1.0.1 1.22 22.05 23.27 WARN
r-devel-linux-x86_64-fedora-clang 1.0.1 53.24 OK
r-devel-linux-x86_64-fedora-gcc 1.0.1 51.01 OK
r-devel-windows-ix86+x86_64 1.0.1 5.00 72.00 77.00 OK
r-patched-linux-x86_64 1.0.1 2.06 39.50 41.56 OK
r-patched-solaris-x86 1.0.1 70.60 OK
r-release-linux-x86_64 1.0.1 1.58 39.37 40.95 OK
r-release-windows-ix86+x86_64 1.0.1 6.00 68.00 74.00 OK
r-release-osx-x86_64 1.0.1 OK
r-oldrel-windows-ix86+x86_64 1.0.1 10.00 67.00 77.00 OK
r-oldrel-osx-x86_64 1.0.1 OK

Check Details

Version: 1.0.1
Check: package dependencies
Result: NOTE
    Package suggested but not available for checking: ‘ggplot2’
Flavor: r-devel-linux-x86_64-debian-gcc

Version: 1.0.1
Check: re-building of vignette outputs
Result: WARN
    Error in re-building vignettes:
     ...
    Quitting from lines 17-32 (cars.Rmd)
    Error: processing vignette ‘cars.Rmd’ failed with diagnostics:
    there is no package called 'ggplot2'
    Execution halted
Flavor: r-devel-linux-x86_64-debian-gcc