Last updated on 2022-07-03 04:49:04 CEST.
Flavor | Version | Tinstall | Tcheck | Ttotal | Status | Flags |
---|---|---|---|---|---|---|
r-devel-linux-x86_64-debian-clang | 1.1.0 | 5.02 | 30.57 | 35.59 | NOTE | |
r-devel-linux-x86_64-debian-gcc | 1.1.0 | 3.24 | 24.38 | 27.62 | NOTE | |
r-devel-linux-x86_64-fedora-clang | 1.1.0 | 53.93 | NOTE | |||
r-devel-linux-x86_64-fedora-gcc | 1.1.0 | 53.07 | NOTE | |||
r-devel-windows-x86_64 | 1.1.0 | 50.00 | 68.00 | 118.00 | NOTE | |
r-patched-linux-x86_64 | 1.1.0 | 3.47 | 30.74 | 34.21 | NOTE | |
r-release-linux-x86_64 | 1.1.0 | 4.99 | 29.88 | 34.87 | NOTE | |
r-release-macos-arm64 | 1.1.0 | 25.00 | NOTE | |||
r-release-macos-x86_64 | 1.1.0 | 34.00 | NOTE | |||
r-release-windows-x86_64 | 1.1.0 | 9.00 | 66.00 | 75.00 | NOTE | |
r-oldrel-macos-arm64 | 1.1.0 | 30.00 | NOTE | |||
r-oldrel-macos-x86_64 | 1.1.0 | 38.00 | NOTE | |||
r-oldrel-windows-ix86+x86_64 | 1.1.0 | 8.00 | 56.00 | 64.00 | NOTE |
Version: 1.1.0
Check: LazyData
Result: NOTE
'LazyData' is specified without a 'data' directory
Flavors: r-devel-linux-x86_64-debian-clang, r-devel-linux-x86_64-debian-gcc, r-devel-linux-x86_64-fedora-clang, r-devel-linux-x86_64-fedora-gcc, r-devel-windows-x86_64, r-patched-linux-x86_64, r-release-linux-x86_64, r-release-macos-arm64, r-release-macos-x86_64, r-release-windows-x86_64, r-oldrel-macos-arm64, r-oldrel-macos-x86_64, r-oldrel-windows-ix86+x86_64
Version: 1.1.0
Check: for non-standard things in the check directory
Result: NOTE
Found the following files/directories:
'Killed after '
Flavors: r-devel-linux-x86_64-debian-clang, r-devel-linux-x86_64-debian-gcc, r-devel-linux-x86_64-fedora-clang, r-devel-linux-x86_64-fedora-gcc, r-patched-linux-x86_64, r-release-linux-x86_64