CRAN Package Check Results for Package koRpus

Last updated on 2021-04-16 23:48:07 CEST.

Flavor Version Tinstall Tcheck Ttotal Status Flags
r-devel-linux-x86_64-debian-clang 0.13-5 22.88 167.30 190.18 NOTE
r-devel-linux-x86_64-debian-gcc 0.13-5 19.01 122.40 141.41 NOTE
r-devel-linux-x86_64-fedora-clang 0.13-5 236.06 NOTE
r-devel-linux-x86_64-fedora-gcc 0.13-5 220.29 NOTE
r-devel-windows-ix86+x86_64 0.13-5 45.00 215.00 260.00 NOTE
r-devel-windows-x86_64-gcc10-UCRT 0.13-5 NOTE
r-patched-linux-x86_64 0.13-5 20.82 155.70 176.52 NOTE
r-patched-solaris-x86 0.13-5 287.60 NOTE
r-release-linux-x86_64 0.13-5 19.92 156.19 176.11 NOTE
r-release-macos-x86_64 0.13-5 NOTE
r-release-windows-ix86+x86_64 0.13-5 35.00 220.00 255.00 NOTE
r-oldrel-macos-x86_64 0.13-5 NOTE
r-oldrel-windows-ix86+x86_64 0.13-5 28.00 204.00 232.00 NOTE

Check Details

Version: 0.13-5
Check: package dependencies
Result: NOTE
    Packages suggested but not available for checking:
     'koRpus.lang.de', 'koRpus.lang.es', 'koRpus.lang.fr',
     'koRpus.lang.it', 'koRpus.lang.nl', 'koRpus.lang.pt',
     'koRpus.lang.ru'
    
    Package which this enhances but not available for checking: 'rkward'
Flavors: r-devel-linux-x86_64-debian-clang, r-devel-linux-x86_64-debian-gcc, r-devel-linux-x86_64-fedora-clang, r-devel-linux-x86_64-fedora-gcc, r-devel-windows-ix86+x86_64, r-devel-windows-x86_64-gcc10-UCRT, r-patched-linux-x86_64, r-patched-solaris-x86, r-release-linux-x86_64, r-release-macos-x86_64, r-release-windows-ix86+x86_64, r-oldrel-macos-x86_64, r-oldrel-windows-ix86+x86_64