CRAN Package Check Results for Package kokudosuuchi

Last updated on 2018-08-17 07:47:35 CEST.

Flavor Version Tinstall Tcheck Ttotal Status Flags
r-devel-linux-x86_64-debian-clang 0.4.2 3.41 36.91 40.32 OK
r-devel-linux-x86_64-debian-gcc 0.4.2 2.58 30.95 33.53 OK
r-devel-linux-x86_64-fedora-clang 0.4.2 47.92 NOTE
r-devel-linux-x86_64-fedora-gcc 0.4.2 44.96 NOTE
r-devel-windows-ix86+x86_64 0.4.2 10.00 64.00 74.00 OK
r-patched-linux-x86_64 0.4.2 2.41 31.96 34.37 OK
r-patched-solaris-x86 0.4.2 73.30 NOTE
r-release-linux-x86_64 0.4.2 3.25 32.52 35.77 OK
r-release-windows-ix86+x86_64 0.4.2 9.00 74.00 83.00 OK
r-release-osx-x86_64 0.4.2 NOTE
r-oldrel-windows-ix86+x86_64 0.4.2 9.00 61.00 70.00 OK
r-oldrel-osx-x86_64 0.4.2 NOTE

Check Details

Version: 0.4.2
Check: data for non-ASCII characters
Result: NOTE
     Note: found 52458 marked UTF-8 strings
Flavors: r-devel-linux-x86_64-fedora-clang, r-devel-linux-x86_64-fedora-gcc, r-patched-solaris-x86, r-release-osx-x86_64, r-oldrel-osx-x86_64