CRAN Package Check Results for Package kokudosuuchi

Last updated on 2019-01-23 20:48:07 CET.

Flavor Version Tinstall Tcheck Ttotal Status Flags
r-devel-linux-x86_64-debian-clang 0.4.2 2.86 35.96 38.82 OK
r-devel-linux-x86_64-debian-gcc 0.4.2 2.43 28.15 30.58 OK
r-devel-linux-x86_64-fedora-clang 0.4.2 45.21 NOTE
r-devel-linux-x86_64-fedora-gcc 0.4.2 41.76 NOTE
r-devel-windows-ix86+x86_64 0.4.2 9.00 65.00 74.00 OK
r-patched-linux-x86_64 0.4.2 2.33 32.66 34.99 OK
r-patched-solaris-x86 0.4.2 73.90 NOTE
r-release-linux-x86_64 0.4.2 2.98 32.52 35.50 OK
r-release-windows-ix86+x86_64 0.4.2 6.00 64.00 70.00 OK
r-release-osx-x86_64 0.4.2 NOTE
r-oldrel-windows-ix86+x86_64 0.4.2 11.00 66.00 77.00 OK
r-oldrel-osx-x86_64 0.4.2 NOTE

Check Details

Version: 0.4.2
Check: data for non-ASCII characters
Result: NOTE
     Note: found 52458 marked UTF-8 strings
Flavors: r-devel-linux-x86_64-fedora-clang, r-devel-linux-x86_64-fedora-gcc, r-patched-solaris-x86, r-release-osx-x86_64, r-oldrel-osx-x86_64