CRAN Package Check Results for Package kokudosuuchi

Last updated on 2018-10-19 22:49:44 CEST.

Flavor Version Tinstall Tcheck Ttotal Status Flags
r-devel-linux-x86_64-debian-clang 0.4.2 3.09 37.70 40.79 OK
r-devel-linux-x86_64-debian-gcc 0.4.2 2.68 30.00 32.68 OK
r-devel-linux-x86_64-fedora-clang 0.4.2 47.70 NOTE
r-devel-linux-x86_64-fedora-gcc 0.4.2 45.74 NOTE
r-devel-windows-ix86+x86_64 0.4.2 7.00 66.00 73.00 OK
r-patched-linux-x86_64 0.4.2 2.80 31.91 34.71 OK
r-patched-solaris-x86 0.4.2 77.20 NOTE
r-release-linux-x86_64 0.4.2 3.25 32.28 35.53 OK
r-release-windows-ix86+x86_64 0.4.2 9.00 65.00 74.00 OK
r-release-osx-x86_64 0.4.2 NOTE
r-oldrel-windows-ix86+x86_64 0.4.2 6.00 68.00 74.00 OK
r-oldrel-osx-x86_64 0.4.2 NOTE

Check Details

Version: 0.4.2
Check: data for non-ASCII characters
Result: NOTE
     Note: found 52458 marked UTF-8 strings
Flavors: r-devel-linux-x86_64-fedora-clang, r-devel-linux-x86_64-fedora-gcc, r-patched-solaris-x86, r-release-osx-x86_64, r-oldrel-osx-x86_64