Last updated on 2022-05-25 23:10:12 CEST.
Flavor | Version | Tinstall | Tcheck | Ttotal | Status | Flags |
---|---|---|---|---|---|---|
r-devel-linux-x86_64-debian-clang | 1.0.0 | 3.06 | 42.71 | 45.77 | NOTE | |
r-devel-linux-x86_64-debian-gcc | 1.0.0 | 2.68 | 32.97 | 35.65 | NOTE | |
r-devel-linux-x86_64-fedora-clang | 1.0.0 | 55.70 | NOTE | |||
r-devel-linux-x86_64-fedora-gcc | 1.0.0 | 54.44 | NOTE | |||
r-devel-windows-x86_64 | 1.0.0 | 27.00 | 56.00 | 83.00 | NOTE | |
r-patched-linux-x86_64 | 1.0.0 | 3.58 | 40.87 | 44.45 | NOTE | |
r-release-linux-x86_64 | 1.0.0 | NOTE | ||||
r-release-macos-arm64 | 1.0.0 | 17.00 | NOTE | |||
r-release-macos-x86_64 | 1.0.0 | 28.00 | NOTE | |||
r-release-windows-x86_64 | 1.0.0 | 22.00 | 54.00 | 76.00 | NOTE | |
r-oldrel-macos-arm64 | 1.0.0 | 21.00 | NOTE | |||
r-oldrel-macos-x86_64 | 1.0.0 | 27.00 | NOTE | |||
r-oldrel-windows-ix86+x86_64 | 1.0.0 | 9.00 | 52.00 | 61.00 | NOTE |
Version: 1.0.0
Check: LazyData
Result: NOTE
'LazyData' is specified without a 'data' directory
Flavors: r-devel-linux-x86_64-debian-clang, r-devel-linux-x86_64-debian-gcc, r-devel-linux-x86_64-fedora-clang, r-devel-linux-x86_64-fedora-gcc, r-devel-windows-x86_64, r-patched-linux-x86_64, r-release-linux-x86_64, r-release-macos-arm64, r-release-macos-x86_64, r-release-windows-x86_64, r-oldrel-macos-arm64, r-oldrel-macos-x86_64, r-oldrel-windows-ix86+x86_64