CRAN Package Check Results for Package kokudosuuchi

Last updated on 2018-05-27 22:49:52 CEST.

Flavor Version Tinstall Tcheck Ttotal Status Flags
r-devel-linux-x86_64-debian-clang 0.4.2 3.50 34.77 38.27 OK
r-devel-linux-x86_64-debian-gcc 0.4.2 2.23 28.30 30.53 OK
r-devel-linux-x86_64-fedora-clang 0.4.2 47.16 NOTE
r-devel-linux-x86_64-fedora-gcc 0.4.2 43.98 NOTE
r-devel-windows-ix86+x86_64 0.4.2 5.00 50.00 55.00 OK
r-patched-linux-x86_64 0.4.2 2.22 31.52 33.74 OK
r-patched-solaris-x86 0.4.2 66.50 NOTE
r-release-linux-x86_64 0.4.2 2.88 31.15 34.03 OK
r-release-windows-ix86+x86_64 0.4.2 8.00 71.00 79.00 OK
r-release-osx-x86_64 0.4.2 NOTE
r-oldrel-windows-ix86+x86_64 0.4.2 7.00 44.00 51.00 OK
r-oldrel-osx-x86_64 0.4.2 NOTE

Check Details

Version: 0.4.2
Check: data for non-ASCII characters
Result: NOTE
     Note: found 52458 marked UTF-8 strings
Flavors: r-devel-linux-x86_64-fedora-clang, r-devel-linux-x86_64-fedora-gcc, r-patched-solaris-x86, r-release-osx-x86_64, r-oldrel-osx-x86_64