CRAN Package Check Results for Package komadown

Last updated on 2018-02-23 06:54:56 CET.

Flavor Version Tinstall Tcheck Ttotal Status Flags
r-devel-linux-x86_64-debian-clang 0.1.0 0.84 21.77 22.61 NOTE
r-devel-linux-x86_64-debian-gcc 0.1.0 0.65 19.32 19.97 NOTE
r-devel-linux-x86_64-fedora-clang 0.1.0 31.32 NOTE
r-devel-linux-x86_64-fedora-gcc 0.1.0 31.09 NOTE
r-devel-windows-ix86+x86_64 0.1.0 3.00 63.00 66.00 OK
r-patched-linux-x86_64 0.1.0 0.76 24.83 25.59 OK
r-patched-solaris-x86 0.1.0 36.10 NOTE
r-release-linux-x86_64 0.1.0 0.82 24.91 25.73 OK
r-release-windows-ix86+x86_64 0.1.0 4.00 55.00 59.00 OK
r-release-osx-x86_64 0.1.0 NOTE
r-oldrel-windows-ix86+x86_64 0.1.0 2.00 42.00 44.00 OK
r-oldrel-osx-x86_64 0.1.0 ERROR

Check Details

Version: 0.1.0
Check: DESCRIPTION meta-information
Result: NOTE
    Dependence on R version ‘3.3.3’ not with patchlevel 0
Flavors: r-devel-linux-x86_64-debian-clang, r-devel-linux-x86_64-debian-gcc, r-devel-linux-x86_64-fedora-clang, r-devel-linux-x86_64-fedora-gcc

Version: 0.1.0
Check: dependencies in R code
Result: NOTE
    Namespace in Imports field not imported from: ‘knitr’
     All declared Imports should be used.
Flavors: r-devel-linux-x86_64-fedora-clang, r-devel-linux-x86_64-fedora-gcc, r-patched-solaris-x86, r-release-osx-x86_64

Version: 0.1.0
Check: whether package can be installed
Result: ERROR
    Installation failed.
Flavor: r-oldrel-osx-x86_64