CRAN Package Check Results for Package komadown

Last updated on 2018-05-21 05:51:37 CEST.

Flavor Version Tinstall Tcheck Ttotal Status Flags
r-devel-linux-x86_64-debian-clang 0.2.0 0.76 22.80 23.56 OK
r-devel-linux-x86_64-debian-gcc 0.2.0 0.73 20.59 21.32 OK
r-devel-linux-x86_64-fedora-clang 0.2.0 32.67 OK
r-devel-linux-x86_64-fedora-gcc 0.2.0 31.96 OK
r-devel-windows-ix86+x86_64 0.2.0 3.00 58.00 61.00 OK
r-patched-linux-x86_64 0.2.0 0.69 24.26 24.95 OK
r-patched-solaris-x86 0.2.0 40.60 OK
r-release-linux-x86_64 0.2.0 0.75 24.31 25.06 OK
r-release-windows-ix86+x86_64 0.2.0 4.00 73.00 77.00 OK
r-release-osx-x86_64 0.2.0 OK
r-oldrel-windows-ix86+x86_64 0.2.0 2.00 48.00 50.00 OK
r-oldrel-osx-x86_64 0.1.0 NOTE

Check Details

Version: 0.1.0
Check: dependencies in R code
Result: NOTE
    Namespace in Imports field not imported from: ‘knitr’
     All declared Imports should be used.
Flavor: r-oldrel-osx-x86_64