CRAN Package Check Results for Package kpmt

Last updated on 2024-02-24 23:53:58 CET.

Flavor Version Tinstall Tcheck Ttotal Status Flags
r-devel-linux-x86_64-debian-clang 0.1.0 2.07 26.62 28.69 NOTE
r-devel-linux-x86_64-debian-gcc 0.1.0 2.12 21.16 23.28 NOTE
r-devel-linux-x86_64-fedora-clang 0.1.0 36.66 OK
r-devel-linux-x86_64-fedora-gcc 0.1.0 35.40 OK
r-devel-windows-x86_64 0.1.0 3.00 44.00 47.00 OK
r-patched-linux-x86_64 0.1.0 2.22 26.32 28.54 OK
r-release-linux-x86_64 0.1.0 2.70 26.25 28.95 OK
r-release-macos-arm64 0.1.0 17.00 OK
r-release-macos-x86_64 0.1.0 22.00 OK
r-release-windows-x86_64 0.1.0 3.00 42.00 45.00 OK
r-oldrel-macos-arm64 0.1.0 18.00 OK
r-oldrel-windows-x86_64 0.1.0 4.00 47.00 51.00 OK

Check Details

Version: 0.1.0
Check: Rd files
Result: NOTE checkRd: (-1) kpmt.Rd:14: Lost braces in \itemize; meant \describe ? checkRd: (-1) kpmt.Rd:15: Lost braces in \itemize; meant \describe ? checkRd: (-1) kpmt.Rd:20: Lost braces in \itemize; meant \describe ? checkRd: (-1) kpmt.Rd:21: Lost braces in \itemize; meant \describe ? checkRd: (-1) kpmt.Rd:46: Lost braces in \itemize; \value handles \item{}{} directly checkRd: (-1) kpmt.Rd:47: Lost braces in \itemize; \value handles \item{}{} directly checkRd: (-1) kpmt.Rd:48: Lost braces in \itemize; \value handles \item{}{} directly checkRd: (-1) kpmt.Rd:49: Lost braces in \itemize; \value handles \item{}{} directly checkRd: (-1) kpmt.Rd:50: Lost braces in \itemize; \value handles \item{}{} directly checkRd: (-1) kpmt.Rd:51: Lost braces in \itemize; \value handles \item{}{} directly checkRd: (-1) kpmt.Rd:52: Lost braces in \itemize; \value handles \item{}{} directly Flavors: r-devel-linux-x86_64-debian-clang, r-devel-linux-x86_64-debian-gcc