CRAN Package Check Results for Package kstIO

Last updated on 2018-05-23 10:48:07 CEST.

Flavor Version Tinstall Tcheck Ttotal Status Flags
r-devel-linux-x86_64-debian-clang 0.1-0 1.23 26.97 28.20 OK
r-devel-linux-x86_64-debian-gcc 0.1-0 1.09 21.70 22.79 OK
r-devel-linux-x86_64-fedora-clang 0.1-0 35.28 OK
r-devel-linux-x86_64-fedora-gcc 0.1-0 34.88 OK
r-devel-windows-ix86+x86_64 0.1-0 5.00 59.00 64.00 OK
r-patched-linux-x86_64 0.1-0 1.38 26.02 27.40 OK
r-patched-solaris-x86 0.1-0 53.80 OK
r-release-linux-x86_64 0.1-0 1.23 26.26 27.49 OK
r-release-windows-ix86+x86_64 0.1-0 6.00 47.00 53.00 OK
r-release-osx-x86_64 0.1-0 OK
r-oldrel-windows-ix86+x86_64 0.1-0 6.00 45.00 51.00 OK
r-oldrel-osx-x86_64 0.1-0 ERROR

Check Details

Version: 0.1-0
Check: examples
Result: ERROR
    Running examples in ‘kstIO-Ex.R’ failed
    The error most likely occurred in:
    
    > ### Name: read_kbase
    > ### Title: Read base file
    > ### Aliases: read_kbase
    > ### Keywords: file
    >
    > ### ** Examples
    >
    > # Produce a base file
    > library(kst)
    Loading required package: proxy
    
    Attaching package: ‘proxy’
    
    The following objects are masked from ‘package:stats’:
    
     as.dist, dist
    
    The following object is masked from ‘package:base’:
    
     as.matrix
    
    Loading required package: relations
    > data(DoignonFalmagne7)
    > b <- kbase(kspace(kstructure(as.pattern(DoignonFalmagne7$K, as.set=TRUE))))
    > write_kbase(b, "DF7.bas", "KST") # (Old) KST format
    Error in write_kbase(b, "DF7.bas", "KST") :
     “x” must be of class “kbase” or “matrix”!
    Execution halted
Flavor: r-oldrel-osx-x86_64

Version: 0.1-0
Check: running R code from vignettes
Result: ERROR
    Errors in running code in vignettes:
    when running code in ‘kstIO.Rnw’
     ...
    
    > write_kstructure(ksp, "DF7.struct")
    
    > write_kspace(ksp, "DF7.space", format = "matrix")
    
    > write_kbase(b, "DF7.bas", format = "KST")
    
     When sourcing ‘kstIO.R’:
    Error: “x” must be of class “kbase” or “matrix”!
    Execution halted
Flavor: r-oldrel-osx-x86_64

Version: 0.1-0
Check: re-building of vignette outputs
Result: NOTE
    Error in re-building vignettes:
     ...
    Attaching package: ‘stringr’
    
    The following object is masked from ‘package:sets’:
    
     %>%
    
    Loading required package: proxy
    
    Attaching package: ‘proxy’
    
    The following objects are masked from ‘package:stats’:
    
     as.dist, dist
    
    The following object is masked from ‘package:base’:
    
     as.matrix
    
    Loading required package: relations
    
    Error: processing vignette 'kstIO.Rnw' failed with diagnostics:
     chunk 2 (label = write-functions)
    Error in write_kbase(b, "DF7.bas", format = "KST") :
     “x” must be of class “kbase” or “matrix”!
    Execution halted
Flavor: r-oldrel-osx-x86_64