CRAN Package Check Results for Package kstIO

Last updated on 2018-02-24 02:50:46 CET.

Flavor Version Tinstall Tcheck Ttotal Status Flags
r-devel-linux-x86_64-debian-clang 0.1-0 1.70 26.22 27.92 OK
r-devel-linux-x86_64-debian-gcc 0.1-0 1.35 21.64 22.99 OK
r-devel-linux-x86_64-fedora-clang 0.1-0 33.93 OK
r-devel-linux-x86_64-fedora-gcc 0.1-0 32.53 OK
r-devel-windows-ix86+x86_64 0.1-0 5.00 61.00 66.00 OK
r-patched-linux-x86_64 0.1-0 1.18 26.65 27.83 OK
r-patched-solaris-x86 0.1-0 46.90 OK
r-release-linux-x86_64 0.1-0 1.17 26.34 27.51 OK
r-release-windows-ix86+x86_64 0.1-0 3.00 60.00 63.00 OK
r-release-osx-x86_64 0.1-0 ERROR
r-oldrel-windows-ix86+x86_64 0.1-0 3.00 43.00 46.00 OK
r-oldrel-osx-x86_64 0.1-0 ERROR

Check Details

Version: 0.1-0
Check: examples
Result: ERROR
    Running examples in ‘kstIO-Ex.R’ failed
    The error most likely occurred in:
    
    > ### Name: read_kbase
    > ### Title: Read base file
    > ### Aliases: read_kbase
    > ### Keywords: file
    >
    > ### ** Examples
    >
    > # Produce a base file
    > library(kst)
    Loading required package: proxy
    
    Attaching package: ‘proxy’
    
    The following objects are masked from ‘package:stats’:
    
     as.dist, dist
    
    The following object is masked from ‘package:base’:
    
     as.matrix
    
    Loading required package: relations
    > data(DoignonFalmagne7)
    > b <- kbase(kspace(kstructure(as.pattern(DoignonFalmagne7$K, as.set=TRUE))))
    > write_kbase(b, "DF7.bas", "KST") # (Old) KST format
    Error in write_kbase(b, "DF7.bas", "KST") :
     “x” must be of class “kbase” or “matrix”!
    Execution halted
Flavors: r-release-osx-x86_64, r-oldrel-osx-x86_64

Version: 0.1-0
Check: running R code from vignettes
Result: ERROR
    Errors in running code in vignettes:
    when running code in ‘kstIO.Rnw’
     ...
    
    > write_kstructure(ksp, "DF7.struct")
    
    > write_kspace(ksp, "DF7.space", format = "matrix")
    
    > write_kbase(b, "DF7.bas", format = "KST")
    
     When sourcing ‘kstIO.R’:
    Error: “x” must be of class “kbase” or “matrix”!
    Execution halted
Flavors: r-release-osx-x86_64, r-oldrel-osx-x86_64

Version: 0.1-0
Check: re-building of vignette outputs
Result: NOTE
    Error in re-building vignettes:
     ...
    Attaching package: ‘stringr’
    
    The following object is masked from ‘package:sets’:
    
     %>%
    
    Loading required package: proxy
    
    Attaching package: ‘proxy’
    
    The following objects are masked from ‘package:stats’:
    
     as.dist, dist
    
    The following object is masked from ‘package:base’:
    
     as.matrix
    
    Loading required package: relations
    
    Error: processing vignette 'kstIO.Rnw' failed with diagnostics:
     chunk 2 (label = write-functions)
    Error in write_kbase(b, "DF7.bas", format = "KST") :
     “x” must be of class “kbase” or “matrix”!
    Execution halted
Flavors: r-release-osx-x86_64, r-oldrel-osx-x86_64