CRAN Package Check Results for Package labdsv

Last updated on 2022-07-03 03:49:58 CEST.

Flavor Version Tinstall Tcheck Ttotal Status Flags
r-devel-linux-x86_64-debian-clang 2.0-1 14.89 100.49 115.38 OK
r-devel-linux-x86_64-debian-gcc 2.0-1 11.10 76.11 87.21 OK
r-devel-linux-x86_64-fedora-clang 2.0-1 145.33 NOTE
r-devel-linux-x86_64-fedora-gcc 2.0-1 145.96 NOTE
r-devel-windows-x86_64 2.0-1 45.00 145.00 190.00 OK
r-patched-linux-x86_64 2.0-1 11.67 97.12 108.79 OK
r-release-linux-x86_64 2.0-1 11.22 95.58 106.80 OK
r-release-macos-arm64 2.0-1 44.00 OK
r-release-macos-x86_64 2.0-1 61.00 OK
r-release-windows-x86_64 2.0-1 42.00 144.00 186.00 OK
r-oldrel-macos-arm64 2.0-1 50.00 OK
r-oldrel-macos-x86_64 2.0-1 81.00 OK
r-oldrel-windows-ix86+x86_64 2.0-1 35.00 173.00 208.00 OK

Check Details

Version: 2.0-1
Check: Rd cross-references
Result: NOTE
    Undeclared package ‘fso’ in Rd xrefs
Flavor: r-devel-linux-x86_64-fedora-clang

Version: 2.0-1
Check: compiled code
Result: NOTE
    File ‘labdsv/libs/labdsv.so’:
     Found no calls to: ‘R_registerRoutines’, ‘R_useDynamicSymbols’
    
    It is good practice to register native routines and to disable symbol
    search.
    
    See ‘Writing portable packages’ in the ‘Writing R Extensions’ manual.
Flavors: r-devel-linux-x86_64-fedora-clang, r-devel-linux-x86_64-fedora-gcc