CRAN Package Check Results for Package lagsarlmtree

Last updated on 2020-02-19 18:47:30 CET.

Flavor Version Tinstall Tcheck Ttotal Status Flags
r-devel-linux-x86_64-debian-clang 1.0-1 15.50 134.36 149.86 OK
r-devel-linux-x86_64-debian-gcc 1.0-1 12.95 103.06 116.01 OK
r-devel-linux-x86_64-fedora-clang 1.0-1 177.00 NOTE
r-devel-linux-x86_64-fedora-gcc 1.0-1 175.23 OK
r-devel-windows-ix86+x86_64 1.0-1 29.00 129.00 158.00 NOTE
r-devel-windows-ix86+x86_64-gcc8 1.0-1 36.00 140.00 176.00 NOTE
r-patched-linux-x86_64 1.0-1 12.83 119.61 132.44 OK
r-patched-solaris-x86 1.0-1 257.60 NOTE
r-release-linux-x86_64 1.0-1 14.60 117.49 132.09 OK
r-release-windows-ix86+x86_64 1.0-1 19.00 92.00 111.00 NOTE
r-release-osx-x86_64 1.0-1 NOTE
r-oldrel-windows-ix86+x86_64 1.0-1 17.00 117.00 134.00 NOTE
r-oldrel-osx-x86_64 1.0-1 NOTE

Check Details

Version: 1.0-1
Check: installed package size
Result: NOTE
     installed size is 8.4Mb
     sub-directories of 1Mb or more:
     data 8.3Mb
Flavors: r-devel-linux-x86_64-fedora-clang, r-devel-windows-ix86+x86_64, r-devel-windows-ix86+x86_64-gcc8, r-patched-solaris-x86, r-release-windows-ix86+x86_64, r-release-osx-x86_64, r-oldrel-windows-ix86+x86_64, r-oldrel-osx-x86_64