CRAN Package Check Results for Package lamW

Last updated on 2022-09-27 11:51:17 CEST.

Flavor Version Tinstall Tcheck Ttotal Status Flags
r-devel-linux-x86_64-debian-clang 2.1.1 18.98 29.88 48.86 NOTE
r-devel-linux-x86_64-debian-gcc 2.1.1 12.52 23.30 35.82 NOTE
r-devel-linux-x86_64-fedora-clang 2.1.1 81.47 NOTE
r-devel-linux-x86_64-fedora-gcc 2.1.1 70.16 NOTE
r-devel-windows-x86_64 2.1.1 68.00 75.00 143.00 NOTE
r-patched-linux-x86_64 2.1.1 15.99 27.94 43.93 NOTE
r-release-linux-x86_64 2.1.1 14.67 28.55 43.22 NOTE
r-release-macos-arm64 2.1.1 24.00 NOTE
r-release-macos-x86_64 2.1.1 34.00 NOTE
r-release-windows-x86_64 2.1.1 23.00 80.00 103.00 NOTE
r-oldrel-macos-arm64 2.1.1 22.00 NOTE
r-oldrel-macos-x86_64 2.1.1 34.00 NOTE
r-oldrel-windows-ix86+x86_64 2.1.1 52.00 77.00 129.00 NOTE

Check Details

Version: 2.1.1
Check: for GNU extensions in Makefiles
Result: NOTE
    GNU make is a SystemRequirements.
Flavors: r-devel-linux-x86_64-debian-clang, r-devel-linux-x86_64-debian-gcc, r-devel-linux-x86_64-fedora-clang, r-devel-linux-x86_64-fedora-gcc, r-devel-windows-x86_64, r-patched-linux-x86_64, r-release-linux-x86_64, r-release-macos-arm64, r-release-macos-x86_64, r-release-windows-x86_64, r-oldrel-macos-arm64, r-oldrel-macos-x86_64, r-oldrel-windows-ix86+x86_64

Version: 2.1.1
Check: Rd cross-references
Result: NOTE
    Undeclared package ‘gsl’ in Rd xrefs
Flavor: r-devel-linux-x86_64-fedora-clang