CRAN Package Check Results for Package landmap

Last updated on 2021-04-23 08:47:27 CEST.

Flavor Version Tinstall Tcheck Ttotal Status Flags
r-devel-linux-x86_64-debian-clang 0.0.7 10.47 113.19 123.66 OK
r-devel-linux-x86_64-debian-gcc 0.0.9 9.59 85.55 95.14 OK
r-devel-linux-x86_64-fedora-clang 0.0.9 162.31 NOTE
r-devel-linux-x86_64-fedora-gcc 0.0.9 151.59 NOTE
r-devel-windows-ix86+x86_64 0.0.9 26.00 136.00 162.00 OK
r-devel-windows-x86_64-gcc10-UCRT 0.0.7 NOTE
r-patched-linux-x86_64 0.0.9 11.31 108.65 119.96 OK
r-patched-solaris-x86 0.0.9 201.20 ERROR
r-release-linux-x86_64 0.0.9 11.95 104.88 116.83 OK
r-release-macos-x86_64 0.0.7 NOTE
r-release-windows-ix86+x86_64 0.0.7 25.00 142.00 167.00 OK
r-oldrel-macos-x86_64 0.0.9 NOTE
r-oldrel-windows-ix86+x86_64 0.0.9 22.00 133.00 155.00 OK

Additional issues

donttest

Check Details

Version: 0.0.9
Check: dependencies in R code
Result: NOTE
    Namespace in Imports field not imported from: ‘meteo’
     All declared Imports should be used.
Flavors: r-devel-linux-x86_64-fedora-clang, r-devel-linux-x86_64-fedora-gcc, r-patched-solaris-x86, r-oldrel-macos-x86_64

Version: 0.0.9
Check: data for non-ASCII characters
Result: NOTE
     Note: found 23 marked UTF-8 strings
Flavors: r-devel-linux-x86_64-fedora-clang, r-devel-linux-x86_64-fedora-gcc, r-patched-solaris-x86, r-oldrel-macos-x86_64

Version: 0.0.7
Check: data for non-ASCII characters
Result: NOTE
     Note: found 23 marked UTF-8 strings
Flavors: r-devel-windows-x86_64-gcc10-UCRT, r-release-macos-x86_64

Version: 0.0.9
Check: package dependencies
Result: NOTE
    Package suggested but not available for checking: ‘plotKML’
Flavor: r-patched-solaris-x86

Version: 0.0.9
Check: examples
Result: ERROR
    Running examples in ‘landmap-Ex.R’ failed
    The error most likely occurred in:
    
    > ### Name: spc,SpatialPixelsDataFrame-method
    > ### Title: Generate Principal Components using SpatialPixelsDataFrame
    > ### object
    > ### Aliases: spc,SpatialPixelsDataFrame-method spc
    >
    > ### ** Examples
    >
    > library(plotKML)
    Error in library(plotKML) : there is no package called ‘plotKML’
    Execution halted
Flavor: r-patched-solaris-x86