CRAN Package Check Results for Package landsepi

Last updated on 2018-12-16 09:46:26 CET.

Flavor Version Tinstall Tcheck Ttotal Status Flags
r-devel-linux-x86_64-debian-clang 0.0.5 47.75 103.93 151.68 OK
r-devel-linux-x86_64-debian-gcc 0.0.5 44.71 85.27 129.98 OK
r-devel-linux-x86_64-fedora-clang 0.0.5 192.51 OK
r-devel-linux-x86_64-fedora-gcc 0.0.5 188.65 OK
r-devel-windows-ix86+x86_64 0.0.5 153.00 340.00 493.00 NOTE
r-patched-linux-x86_64 0.0.5 53.75 99.40 153.15 OK
r-patched-solaris-x86 0.0.5 246.70 OK
r-release-linux-x86_64 0.0.5 49.92 99.11 149.03 OK
r-release-windows-ix86+x86_64 0.0.5 138.00 377.00 515.00 NOTE
r-release-osx-x86_64 0.0.5 NOTE
r-oldrel-windows-ix86+x86_64 0.0.5 133.00 344.00 477.00 NOTE
r-oldrel-osx-x86_64 0.0.5 NOTE

Check Details

Version: 0.0.5
Check: installed package size
Result: NOTE
     installed size is 25.5Mb
     sub-directories of 1Mb or more:
     libs 24.2Mb
Flavors: r-devel-windows-ix86+x86_64, r-release-windows-ix86+x86_64, r-release-osx-x86_64, r-oldrel-windows-ix86+x86_64, r-oldrel-osx-x86_64