CRAN Package Check Results for Package landsepi

Last updated on 2019-02-18 06:47:01 CET.

Flavor Version Tinstall Tcheck Ttotal Status Flags
r-devel-linux-x86_64-debian-clang 0.0.7 48.19 105.61 153.80 OK
r-devel-linux-x86_64-debian-gcc 0.0.7 38.75 86.62 125.37 OK
r-devel-linux-x86_64-fedora-clang 0.0.7 203.73 OK
r-devel-linux-x86_64-fedora-gcc 0.0.7 193.66 OK
r-devel-windows-ix86+x86_64 0.0.7 131.00 264.00 395.00 NOTE
r-patched-linux-x86_64 0.0.7 47.06 99.80 146.86 OK
r-patched-solaris-x86 0.0.7 250.50 OK
r-release-linux-x86_64 0.0.7 OK
r-release-windows-ix86+x86_64 0.0.7 99.00 343.00 442.00 NOTE
r-release-osx-x86_64 0.0.7 NOTE
r-oldrel-windows-ix86+x86_64 0.0.7 130.00 308.00 438.00 NOTE
r-oldrel-osx-x86_64 0.0.7 NOTE

Check Details

Version: 0.0.7
Check: installed package size
Result: NOTE
     installed size is 25.5Mb
     sub-directories of 1Mb or more:
     libs 24.2Mb
Flavors: r-devel-windows-ix86+x86_64, r-release-windows-ix86+x86_64, r-release-osx-x86_64, r-oldrel-windows-ix86+x86_64, r-oldrel-osx-x86_64