CRAN Package Check Results for Package landsepi

Last updated on 2019-05-27 09:50:20 CEST.

Flavor Version Tinstall Tcheck Ttotal Status Flags
r-devel-linux-x86_64-debian-clang 0.0.7 51.27 106.59 157.86 OK
r-devel-linux-x86_64-debian-gcc 0.0.7 42.79 83.35 126.14 OK
r-devel-linux-x86_64-fedora-clang 0.0.7 204.69 OK
r-devel-linux-x86_64-fedora-gcc 0.0.7 192.08 OK
r-devel-windows-ix86+x86_64 0.0.7 107.00 362.00 469.00 NOTE
r-patched-linux-x86_64 0.0.7 OK
r-patched-solaris-x86 0.0.7 269.70 OK
r-release-linux-x86_64 0.0.7 49.70 107.49 157.19 OK
r-release-windows-ix86+x86_64 0.0.7 161.00 289.00 450.00 NOTE
r-release-osx-x86_64 0.0.7 NOTE
r-oldrel-windows-ix86+x86_64 0.0.7 139.00 265.00 404.00 NOTE
r-oldrel-osx-x86_64 0.0.7 NOTE

Check Details

Version: 0.0.7
Check: installed package size
Result: NOTE
     installed size is 25.5Mb
     sub-directories of 1Mb or more:
     libs 24.2Mb
Flavors: r-devel-windows-ix86+x86_64, r-release-windows-ix86+x86_64, r-release-osx-x86_64, r-oldrel-windows-ix86+x86_64, r-oldrel-osx-x86_64