CRAN Package Check Results for Package languagelayeR

Last updated on 2022-12-09 11:53:11 CET.

Flavor Version Tinstall Tcheck Ttotal Status Flags
r-devel-linux-x86_64-debian-clang 1.2.4 2.98 33.39 36.37 NOTE
r-devel-linux-x86_64-debian-gcc 1.2.4 2.20 26.76 28.96 NOTE
r-devel-linux-x86_64-fedora-clang 1.2.4 55.92 NOTE
r-devel-linux-x86_64-fedora-gcc 1.2.4 65.25 NOTE
r-devel-windows-x86_64 1.2.4 17.00 64.00 81.00 NOTE
r-patched-linux-x86_64 1.2.4 2.61 32.26 34.87 NOTE
r-release-linux-x86_64 1.2.4 2.49 33.25 35.74 NOTE
r-release-macos-arm64 1.2.4 19.00 NOTE
r-release-macos-x86_64 1.2.4 28.00 NOTE
r-release-windows-x86_64 1.2.4 16.00 66.00 82.00 NOTE
r-oldrel-macos-arm64 1.2.4 25.00 NOTE
r-oldrel-macos-x86_64 1.2.4 27.00 NOTE
r-oldrel-windows-ix86+x86_64 1.2.4 9.00 58.00 67.00 NOTE

Check Details

Version: 1.2.4
Check: LazyData
Result: NOTE
     'LazyData' is specified without a 'data' directory
Flavors: r-devel-linux-x86_64-debian-clang, r-devel-linux-x86_64-debian-gcc, r-devel-linux-x86_64-fedora-clang, r-devel-linux-x86_64-fedora-gcc, r-devel-windows-x86_64, r-patched-linux-x86_64, r-release-linux-x86_64, r-release-macos-arm64, r-release-macos-x86_64, r-release-windows-x86_64, r-oldrel-macos-arm64, r-oldrel-macos-x86_64, r-oldrel-windows-ix86+x86_64