CRAN Package Check Results for Package languageserver

Last updated on 2018-06-19 06:48:17 CEST.

Flavor Version Tinstall Tcheck Ttotal Status Flags
r-devel-linux-x86_64-debian-clang 0.2.3 7.63 19.44 27.07 OK
r-devel-linux-x86_64-debian-gcc 0.2.3 4.41 16.92 21.33 OK
r-devel-linux-x86_64-fedora-clang 0.2.3 35.35 NOTE
r-devel-linux-x86_64-fedora-gcc 0.2.3 33.19 NOTE
r-devel-windows-ix86+x86_64 0.2.3 18.00 59.00 77.00 OK
r-patched-linux-x86_64 0.2.3 5.42 20.16 25.58 OK
r-patched-solaris-x86 0.2.3 51.80 NOTE
r-release-linux-x86_64 0.2.3 8.18 20.37 28.55 OK
r-release-windows-ix86+x86_64 0.2.3 15.00 40.00 55.00 OK
r-release-osx-x86_64 0.2.3 NOTE
r-oldrel-windows-ix86+x86_64 0.2.3 21.00 46.00 67.00 OK
r-oldrel-osx-x86_64 0.2.2 NOTE

Check Details

Version: 0.2.3
Check: dependencies in R code
Result: NOTE
    Namespace in Imports field not imported from: ‘repr’
     All declared Imports should be used.
Flavors: r-devel-linux-x86_64-fedora-clang, r-devel-linux-x86_64-fedora-gcc, r-patched-solaris-x86, r-release-osx-x86_64

Version: 0.2.2
Check: dependencies in R code
Result: NOTE
    Namespace in Imports field not imported from: ‘repr’
     All declared Imports should be used.
Flavor: r-oldrel-osx-x86_64