CRAN Package Check Results for Package languageserver

Last updated on 2019-03-23 02:52:07 CET.

Flavor Version Tinstall Tcheck Ttotal Status Flags
r-devel-linux-x86_64-debian-clang 0.2.7 9.79 27.87 37.66 OK
r-devel-linux-x86_64-debian-gcc 0.2.7 8.52 22.38 30.90 OK
r-devel-linux-x86_64-fedora-clang 0.2.7 46.97 NOTE
r-devel-linux-x86_64-fedora-gcc 0.2.7 44.24 NOTE
r-devel-windows-ix86+x86_64 0.2.7 27.00 70.00 97.00 OK
r-patched-linux-x86_64 0.2.7 10.39 26.15 36.54 OK
r-patched-solaris-x86 0.2.7 62.50 NOTE
r-release-linux-x86_64 0.2.7 10.26 26.23 36.49 OK
r-release-windows-ix86+x86_64 0.2.7 19.00 48.00 67.00 OK
r-release-osx-x86_64 0.2.7 NOTE
r-oldrel-windows-ix86+x86_64 0.2.7 23.00 63.00 86.00 OK
r-oldrel-osx-x86_64 0.2.7 NOTE

Check Details

Version: 0.2.7
Check: dependencies in R code
Result: NOTE
    Namespaces in Imports field not imported from:
     ‘collections’ ‘repr’
     All declared Imports should be used.
Flavors: r-devel-linux-x86_64-fedora-clang, r-devel-linux-x86_64-fedora-gcc, r-patched-solaris-x86, r-release-osx-x86_64, r-oldrel-osx-x86_64