CRAN Package Check Results for Package languageserver

Last updated on 2022-12-09 22:55:54 CET.

Flavor Version Tinstall Tcheck Ttotal Status Flags
r-devel-linux-x86_64-debian-clang 0.3.14 24.66 50.34 75.00 WARN
r-devel-linux-x86_64-debian-gcc 0.3.14 18.26 48.12 66.38 OK
r-devel-linux-x86_64-fedora-clang 0.3.14 101.87 WARN
r-devel-linux-x86_64-fedora-gcc 0.3.14 97.91 OK
r-devel-windows-x86_64 0.3.14 137.00 115.00 252.00 OK
r-patched-linux-x86_64 0.3.14 18.66 50.15 68.81 OK
r-release-linux-x86_64 0.3.14 22.27 47.84 70.11 OK
r-release-macos-arm64 0.3.14 33.00 OK
r-release-macos-x86_64 0.3.14 37.00 OK
r-release-windows-x86_64 0.3.14 117.00 74.00 191.00 OK
r-oldrel-macos-arm64 0.3.14 34.00 OK
r-oldrel-macos-x86_64 0.3.14 45.00 OK
r-oldrel-windows-ix86+x86_64 0.3.14 42.00 89.00 131.00 OK

Check Details

Version: 0.3.14
Check: whether package can be installed
Result: WARN
    Found the following significant warnings:
     reader.c:110:21: warning: a function declaration without a prototype is deprecated in all versions of C [-Wstrict-prototypes]
Flavors: r-devel-linux-x86_64-debian-clang, r-devel-linux-x86_64-fedora-clang