CRAN Package Check Results for Package languageserver

Last updated on 2018-12-09 22:58:30 CET.

Flavor Version Tinstall Tcheck Ttotal Status Flags
r-devel-linux-x86_64-debian-clang 0.2.5 9.21 23.53 32.74 OK
r-devel-linux-x86_64-debian-gcc 0.2.5 7.51 19.04 26.55 OK
r-devel-linux-x86_64-fedora-clang 0.2.5 38.14 NOTE
r-devel-linux-x86_64-fedora-gcc 0.2.5 40.14 NOTE
r-devel-windows-ix86+x86_64 0.2.5 22.00 55.00 77.00 OK
r-patched-linux-x86_64 0.2.5 7.00 22.06 29.06 OK
r-patched-solaris-x86 0.2.5 57.60 NOTE
r-release-linux-x86_64 0.2.5 6.43 21.94 28.37 OK
r-release-windows-ix86+x86_64 0.2.5 15.00 40.00 55.00 OK
r-release-osx-x86_64 0.2.5 NOTE
r-oldrel-windows-ix86+x86_64 0.2.5 15.00 37.00 52.00 OK
r-oldrel-osx-x86_64 0.2.5 NOTE

Check Details

Version: 0.2.5
Check: dependencies in R code
Result: NOTE
    Namespaces in Imports field not imported from:
     ‘collections’ ‘repr’
     All declared Imports should be used.
Flavors: r-devel-linux-x86_64-fedora-clang, r-devel-linux-x86_64-fedora-gcc, r-patched-solaris-x86, r-release-osx-x86_64, r-oldrel-osx-x86_64