CRAN Package Check Results for Package languageserver

Last updated on 2018-09-22 17:47:55 CEST.

Flavor Version Tinstall Tcheck Ttotal Status Flags
r-devel-linux-x86_64-debian-clang 0.2.5 7.80 23.53 31.33 OK
r-devel-linux-x86_64-debian-gcc 0.2.5 6.98 19.09 26.07 OK
r-devel-linux-x86_64-fedora-clang 0.2.5 36.71 NOTE
r-devel-linux-x86_64-fedora-gcc 0.2.5 35.51 NOTE
r-devel-windows-ix86+x86_64 0.2.5 20.00 45.00 65.00 OK
r-patched-linux-x86_64 0.2.5 6.35 21.24 27.59 OK
r-patched-solaris-x86 0.2.5 51.30 NOTE
r-release-linux-x86_64 0.2.5 8.30 21.83 30.13 OK
r-release-windows-ix86+x86_64 0.2.5 15.00 67.00 82.00 OK
r-release-osx-x86_64 0.2.5 NOTE
r-oldrel-windows-ix86+x86_64 0.2.5 14.00 51.00 65.00 OK
r-oldrel-osx-x86_64 0.2.5 NOTE

Check Details

Version: 0.2.5
Check: dependencies in R code
Result: NOTE
    Namespaces in Imports field not imported from:
     ‘collections’ ‘repr’
     All declared Imports should be used.
Flavors: r-devel-linux-x86_64-fedora-clang, r-devel-linux-x86_64-fedora-gcc, r-patched-solaris-x86, r-release-osx-x86_64, r-oldrel-osx-x86_64