CRAN Package Check Results for Package latentcor

Last updated on 2022-10-07 16:49:45 CEST.

Flavor Version Tinstall Tcheck Ttotal Status Flags
r-devel-linux-x86_64-debian-clang 2.0.1 37.28 193.48 230.76 OK
r-devel-linux-x86_64-debian-gcc 2.0.1 29.11 143.21 172.32 NOTE
r-devel-linux-x86_64-fedora-clang 2.0.1 286.26 WARN
r-devel-linux-x86_64-fedora-gcc 2.0.1 272.21 OK
r-devel-windows-x86_64 2.0.1 46.00 215.00 261.00 OK
r-patched-linux-x86_64 2.0.1 27.54 178.36 205.90 OK
r-release-linux-x86_64 2.0.1 22.62 179.87 202.49 OK
r-release-macos-arm64 2.0.1 79.00 OK
r-release-macos-x86_64 2.0.1 110.00 OK
r-release-windows-x86_64 2.0.1 62.00 209.00 271.00 OK
r-oldrel-macos-arm64 2.0.1 82.00 OK
r-oldrel-macos-x86_64 2.0.1 113.00 OK
r-oldrel-windows-ix86+x86_64 2.0.1 66.00 276.00 342.00 OK

Check Details

Version: 2.0.1
Check: compilation flags used
Result: NOTE
    Compilation used the following non-portable flag(s):
     ‘-Wstrict-prototypes’
Flavor: r-devel-linux-x86_64-debian-gcc

Version: 2.0.1
Check: if this is a source package
Result: WARN
    Subdirectory ‘latentcor/src’ contains apparent object files/libraries
     ipol.o
    Object files/libraries should not be included in a source package.
Flavor: r-devel-linux-x86_64-fedora-clang