CRAN Package Check Results for Package latentnet

Last updated on 2019-09-18 14:47:51 CEST.

Flavor Version Tinstall Tcheck Ttotal Status Flags
r-devel-linux-x86_64-debian-clang 2.9.0 17.90 132.59 150.49 OK
r-devel-linux-x86_64-debian-gcc 2.9.0 15.39 101.72 117.11 OK
r-devel-linux-x86_64-fedora-clang 2.9.0 179.55 OK
r-devel-linux-x86_64-fedora-gcc 2.9.0 175.88 OK
r-devel-windows-ix86+x86_64 2.9.0 59.00 196.00 255.00 OK
r-patched-linux-x86_64 2.9.0 16.11 129.94 146.05 OK
r-patched-solaris-x86 2.9.0 253.80 OK
r-release-linux-x86_64 2.9.0 16.85 128.70 145.55 OK
r-release-windows-ix86+x86_64 2.9.0 40.00 299.00 339.00 OK
r-release-osx-x86_64 2.9.0 FAIL
r-oldrel-windows-ix86+x86_64 2.9.0 30.00 124.00 154.00 ERROR
r-oldrel-osx-x86_64 2.9.0 OK

Additional issues

LTO

Check Details

Version: 2.9.0
Check: dependencies in R code
Result: FAIL
    
Flavor: r-release-osx-x86_64

Version: 2.9.0
Check: running examples for arch ‘i386’
Result: ERROR
    Running examples in 'latentnet-Ex.R' failed
    The error occurred in:
    
    
    R version 3.5.3 (2019-03-11) -- "Great Truth"
    Copyright (C) 2019 The R Foundation for Statistical Computing
    Platform: i386-w64-mingw32/i386 (32-bit)
    
    R is free software and comes with ABSOLUTELY NO WARRANTY.
    You are welcome to redistribute it under certain conditions.
    Type 'license()' or 'licence()' for distribution details.
    
     Natural language support but running in an English locale
    
    R is a collaborative project with many contributors.
    Type 'contributors()' for more information and
    'citation()' on how to cite R or R packages in publications.
    
    Type 'demo()' for some demos, 'help()' for on-line help, or
    'help.start()' for an HTML browser interface to help.
    Type 'q()' to quit R.
    
    > pkgname <- "latentnet"
    > source(file.path(R.home("share"), "R", "examples-header.R"))
    > options(warn = 1)
    > options(pager = "console")
    > library('latentnet')
    Loading required package: statnet.common
    
    Attaching package: 'statnet.common'
    
    The following object is masked from 'package:base':
    
     order
    
    Loading required package: network
    network: Classes for Relational Data
    Version 1.15 created on 2019-04-01.
    copyright (c) 2005, Carter T. Butts, University of California-Irvine
     Mark S. Handcock, University of California -- Los Angeles
     David R. Hunter, Penn State University
     Martina Morris, University of Washington
     Skye Bender-deMoll, University of Washington
     For citation information, type citation("network").
     Type help("network-package") to get started.
    
    Loading required package: ergm
    Error: package or namespace load failed for 'ergm' in loadNamespace(j <- i[[1L]], c(lib.loc, .libPaths()), versionCheck = vI[[j]]):
     namespace 'Matrix' 1.2-15 is being loaded, but >= 1.2.17 is required
    Error: package 'ergm' could not be loaded
    Execution halted
Flavor: r-oldrel-windows-ix86+x86_64

Version: 2.9.0
Check: running examples for arch ‘x64’
Result: ERROR
    Running examples in 'latentnet-Ex.R' failed
    The error occurred in:
    
    
    R version 3.5.3 (2019-03-11) -- "Great Truth"
    Copyright (C) 2019 The R Foundation for Statistical Computing
    Platform: x86_64-w64-mingw32/x64 (64-bit)
    
    R is free software and comes with ABSOLUTELY NO WARRANTY.
    You are welcome to redistribute it under certain conditions.
    Type 'license()' or 'licence()' for distribution details.
    
     Natural language support but running in an English locale
    
    R is a collaborative project with many contributors.
    Type 'contributors()' for more information and
    'citation()' on how to cite R or R packages in publications.
    
    Type 'demo()' for some demos, 'help()' for on-line help, or
    'help.start()' for an HTML browser interface to help.
    Type 'q()' to quit R.
    
    > pkgname <- "latentnet"
    > source(file.path(R.home("share"), "R", "examples-header.R"))
    > options(warn = 1)
    > options(pager = "console")
    > library('latentnet')
    Loading required package: statnet.common
    
    Attaching package: 'statnet.common'
    
    The following object is masked from 'package:base':
    
     order
    
    Loading required package: network
    network: Classes for Relational Data
    Version 1.15 created on 2019-04-01.
    copyright (c) 2005, Carter T. Butts, University of California-Irvine
     Mark S. Handcock, University of California -- Los Angeles
     David R. Hunter, Penn State University
     Martina Morris, University of Washington
     Skye Bender-deMoll, University of Washington
     For citation information, type citation("network").
     Type help("network-package") to get started.
    
    Loading required package: ergm
    Error: package or namespace load failed for 'ergm' in loadNamespace(j <- i[[1L]], c(lib.loc, .libPaths()), versionCheck = vI[[j]]):
     namespace 'Matrix' 1.2-15 is being loaded, but >= 1.2.17 is required
    Error: package 'ergm' could not be loaded
    Execution halted
Flavor: r-oldrel-windows-ix86+x86_64

Version: 2.9.0
Check: running tests for arch ‘i386’
Result: ERROR
     Running 'missing.R' [1s]
     Running 'nolatent.R' [1s]
     Running 'nomcmc.R' [1s]
     Running 'nomixing.R' [1s]
     Running 'normal.R' [1s]
     Running 'onlymcmc.R' [1s]
    Running the tests in 'tests/missing.R' failed.
    Complete output:
     > # File tests/missing.R in package latentnet, part of the Statnet suite
     > # of packages for network analysis, http://statnet.org .
     > #
     > # This software is distributed under the GPL-3 license. It is free,
     > # open source, and has the attribution requirements (GPL Section 7) at
     > # http://statnet.org/attribution
     > #
     > # Copyright 2003-2018 Statnet Commons
     > #######################################################################
     > library(latentnet)
     Loading required package: statnet.common
    
     Attaching package: 'statnet.common'
    
     The following object is masked from 'package:base':
    
     order
    
     Loading required package: network
     network: Classes for Relational Data
     Version 1.15 created on 2019-04-01.
     copyright (c) 2005, Carter T. Butts, University of California-Irvine
     Mark S. Handcock, University of California -- Los Angeles
     David R. Hunter, Penn State University
     Martina Morris, University of Washington
     Skye Bender-deMoll, University of Washington
     For citation information, type citation("network").
     Type help("network-package") to get started.
    
     Loading required package: ergm
     Error: package or namespace load failed for 'ergm' in loadNamespace(j <- i[[1L]], c(lib.loc, .libPaths()), versionCheck = vI[[j]]):
     namespace 'Matrix' 1.2-15 is being loaded, but >= 1.2.17 is required
     Error: package 'ergm' could not be loaded
     Execution halted
    Running the tests in 'tests/nolatent.R' failed.
    Complete output:
     > # File tests/nolatent.R in package latentnet, part of the Statnet suite
     > # of packages for network analysis, http://statnet.org .
     > #
     > # This software is distributed under the GPL-3 license. It is free,
     > # open source, and has the attribution requirements (GPL Section 7) at
     > # http://statnet.org/attribution
     > #
     > # Copyright 2003-2018 Statnet Commons
     > #######################################################################
     > library(latentnet)
     Loading required package: statnet.common
    
     Attaching package: 'statnet.common'
    
     The following object is masked from 'package:base':
    
     order
    
     Loading required package: network
     network: Classes for Relational Data
     Version 1.15 created on 2019-04-01.
     copyright (c) 2005, Carter T. Butts, University of California-Irvine
     Mark S. Handcock, University of California -- Los Angeles
     David R. Hunter, Penn State University
     Martina Morris, University of Washington
     Skye Bender-deMoll, University of Washington
     For citation information, type citation("network").
     Type help("network-package") to get started.
    
     Loading required package: ergm
     Error: package or namespace load failed for 'ergm' in loadNamespace(j <- i[[1L]], c(lib.loc, .libPaths()), versionCheck = vI[[j]]):
     namespace 'Matrix' 1.2-15 is being loaded, but >= 1.2.17 is required
     Error: package 'ergm' could not be loaded
     Execution halted
    Running the tests in 'tests/nomcmc.R' failed.
    Complete output:
     > # File tests/nomcmc.R in package latentnet, part of the Statnet suite
     > # of packages for network analysis, http://statnet.org .
     > #
     > # This software is distributed under the GPL-3 license. It is free,
     > # open source, and has the attribution requirements (GPL Section 7) at
     > # http://statnet.org/attribution
     > #
     > # Copyright 2003-2018 Statnet Commons
     > #######################################################################
     > library(latentnet)
     Loading required package: statnet.common
    
     Attaching package: 'statnet.common'
    
     The following object is masked from 'package:base':
    
     order
    
     Loading required package: network
     network: Classes for Relational Data
     Version 1.15 created on 2019-04-01.
     copyright (c) 2005, Carter T. Butts, University of California-Irvine
     Mark S. Handcock, University of California -- Los Angeles
     David R. Hunter, Penn State University
     Martina Morris, University of Washington
     Skye Bender-deMoll, University of Washington
     For citation information, type citation("network").
     Type help("network-package") to get started.
    
     Loading required package: ergm
     Error: package or namespace load failed for 'ergm' in loadNamespace(j <- i[[1L]], c(lib.loc, .libPaths()), versionCheck = vI[[j]]):
     namespace 'Matrix' 1.2-15 is being loaded, but >= 1.2.17 is required
     Error: package 'ergm' could not be loaded
     Execution halted
    Running the tests in 'tests/nomixing.R' failed.
    Complete output:
     > # File tests/nomixing.R in package latentnet, part of the Statnet suite
     > # of packages for network analysis, http://statnet.org .
     > #
     > # This software is distributed under the GPL-3 license. It is free,
     > # open source, and has the attribution requirements (GPL Section 7) at
     > # http://statnet.org/attribution
     > #
     > # Copyright 2003-2018 Statnet Commons
     > #######################################################################
     > library(latentnet)
     Loading required package: statnet.common
    
     Attaching package: 'statnet.common'
    
     The following object is masked from 'package:base':
    
     order
    
     Loading required package: network
     network: Classes for Relational Data
     Version 1.15 created on 2019-04-01.
     copyright (c) 2005, Carter T. Butts, University of California-Irvine
     Mark S. Handcock, University of California -- Los Angeles
     David R. Hunter, Penn State University
     Martina Morris, University of Washington
     Skye Bender-deMoll, University of Washington
     For citation information, type citation("network").
     Type help("network-package") to get started.
    
     Loading required package: ergm
     Error: package or namespace load failed for 'ergm' in loadNamespace(j <- i[[1L]], c(lib.loc, .libPaths()), versionCheck = vI[[j]]):
     namespace 'Matrix' 1.2-15 is being loaded, but >= 1.2.17 is required
     Error: package 'ergm' could not be loaded
     Execution halted
    Running the tests in 'tests/normal.R' failed.
    Complete output:
     > # File tests/normal.R in package latentnet, part of the Statnet suite
     > # of packages for network analysis, http://statnet.org .
     > #
     > # This software is distributed under the GPL-3 license. It is free,
     > # open source, and has the attribution requirements (GPL Section 7) at
     > # http://statnet.org/attribution
     > #
     > # Copyright 2003-2018 Statnet Commons
     > #######################################################################
     > library(latentnet)
     Loading required package: statnet.common
    
     Attaching package: 'statnet.common'
    
     The following object is masked from 'package:base':
    
     order
    
     Loading required package: network
     network: Classes for Relational Data
     Version 1.15 created on 2019-04-01.
     copyright (c) 2005, Carter T. Butts, University of California-Irvine
     Mark S. Handcock, University of California -- Los Angeles
     David R. Hunter, Penn State University
     Martina Morris, University of Washington
     Skye Bender-deMoll, University of Washington
     For citation information, type citation("network").
     Type help("network-package") to get started.
    
     Loading required package: ergm
     Error: package or namespace load failed for 'ergm' in loadNamespace(j <- i[[1L]], c(lib.loc, .libPaths()), versionCheck = vI[[j]]):
     namespace 'Matrix' 1.2-15 is being loaded, but >= 1.2.17 is required
     Error: package 'ergm' could not be loaded
     Execution halted
Flavor: r-oldrel-windows-ix86+x86_64

Version: 2.9.0
Check: running tests for arch ‘x64’
Result: ERROR
     Running 'missing.R' [1s]
     Running 'nolatent.R' [1s]
     Running 'nomcmc.R' [1s]
     Running 'nomixing.R' [1s]
     Running 'normal.R' [1s]
     Running 'onlymcmc.R' [0s]
    Running the tests in 'tests/missing.R' failed.
    Complete output:
     > # File tests/missing.R in package latentnet, part of the Statnet suite
     > # of packages for network analysis, http://statnet.org .
     > #
     > # This software is distributed under the GPL-3 license. It is free,
     > # open source, and has the attribution requirements (GPL Section 7) at
     > # http://statnet.org/attribution
     > #
     > # Copyright 2003-2018 Statnet Commons
     > #######################################################################
     > library(latentnet)
     Loading required package: statnet.common
    
     Attaching package: 'statnet.common'
    
     The following object is masked from 'package:base':
    
     order
    
     Loading required package: network
     network: Classes for Relational Data
     Version 1.15 created on 2019-04-01.
     copyright (c) 2005, Carter T. Butts, University of California-Irvine
     Mark S. Handcock, University of California -- Los Angeles
     David R. Hunter, Penn State University
     Martina Morris, University of Washington
     Skye Bender-deMoll, University of Washington
     For citation information, type citation("network").
     Type help("network-package") to get started.
    
     Loading required package: ergm
     Error: package or namespace load failed for 'ergm' in loadNamespace(j <- i[[1L]], c(lib.loc, .libPaths()), versionCheck = vI[[j]]):
     namespace 'Matrix' 1.2-15 is being loaded, but >= 1.2.17 is required
     Error: package 'ergm' could not be loaded
     Execution halted
    Running the tests in 'tests/nolatent.R' failed.
    Complete output:
     > # File tests/nolatent.R in package latentnet, part of the Statnet suite
     > # of packages for network analysis, http://statnet.org .
     > #
     > # This software is distributed under the GPL-3 license. It is free,
     > # open source, and has the attribution requirements (GPL Section 7) at
     > # http://statnet.org/attribution
     > #
     > # Copyright 2003-2018 Statnet Commons
     > #######################################################################
     > library(latentnet)
     Loading required package: statnet.common
    
     Attaching package: 'statnet.common'
    
     The following object is masked from 'package:base':
    
     order
    
     Loading required package: network
     network: Classes for Relational Data
     Version 1.15 created on 2019-04-01.
     copyright (c) 2005, Carter T. Butts, University of California-Irvine
     Mark S. Handcock, University of California -- Los Angeles
     David R. Hunter, Penn State University
     Martina Morris, University of Washington
     Skye Bender-deMoll, University of Washington
     For citation information, type citation("network").
     Type help("network-package") to get started.
    
     Loading required package: ergm
     Error: package or namespace load failed for 'ergm' in loadNamespace(j <- i[[1L]], c(lib.loc, .libPaths()), versionCheck = vI[[j]]):
     namespace 'Matrix' 1.2-15 is being loaded, but >= 1.2.17 is required
     Error: package 'ergm' could not be loaded
     Execution halted
    Running the tests in 'tests/nomcmc.R' failed.
    Complete output:
     > # File tests/nomcmc.R in package latentnet, part of the Statnet suite
     > # of packages for network analysis, http://statnet.org .
     > #
     > # This software is distributed under the GPL-3 license. It is free,
     > # open source, and has the attribution requirements (GPL Section 7) at
     > # http://statnet.org/attribution
     > #
     > # Copyright 2003-2018 Statnet Commons
     > #######################################################################
     > library(latentnet)
     Loading required package: statnet.common
    
     Attaching package: 'statnet.common'
    
     The following object is masked from 'package:base':
    
     order
    
     Loading required package: network
     network: Classes for Relational Data
     Version 1.15 created on 2019-04-01.
     copyright (c) 2005, Carter T. Butts, University of California-Irvine
     Mark S. Handcock, University of California -- Los Angeles
     David R. Hunter, Penn State University
     Martina Morris, University of Washington
     Skye Bender-deMoll, University of Washington
     For citation information, type citation("network").
     Type help("network-package") to get started.
    
     Loading required package: ergm
     Error: package or namespace load failed for 'ergm' in loadNamespace(j <- i[[1L]], c(lib.loc, .libPaths()), versionCheck = vI[[j]]):
     namespace 'Matrix' 1.2-15 is being loaded, but >= 1.2.17 is required
     Error: package 'ergm' could not be loaded
     Execution halted
    Running the tests in 'tests/nomixing.R' failed.
    Complete output:
     > # File tests/nomixing.R in package latentnet, part of the Statnet suite
     > # of packages for network analysis, http://statnet.org .
     > #
     > # This software is distributed under the GPL-3 license. It is free,
     > # open source, and has the attribution requirements (GPL Section 7) at
     > # http://statnet.org/attribution
     > #
     > # Copyright 2003-2018 Statnet Commons
     > #######################################################################
     > library(latentnet)
     Loading required package: statnet.common
    
     Attaching package: 'statnet.common'
    
     The following object is masked from 'package:base':
    
     order
    
     Loading required package: network
     network: Classes for Relational Data
     Version 1.15 created on 2019-04-01.
     copyright (c) 2005, Carter T. Butts, University of California-Irvine
     Mark S. Handcock, University of California -- Los Angeles
     David R. Hunter, Penn State University
     Martina Morris, University of Washington
     Skye Bender-deMoll, University of Washington
     For citation information, type citation("network").
     Type help("network-package") to get started.
    
     Loading required package: ergm
     Error: package or namespace load failed for 'ergm' in loadNamespace(j <- i[[1L]], c(lib.loc, .libPaths()), versionCheck = vI[[j]]):
     namespace 'Matrix' 1.2-15 is being loaded, but >= 1.2.17 is required
     Error: package 'ergm' could not be loaded
     Execution halted
    Running the tests in 'tests/normal.R' failed.
    Complete output:
     > # File tests/normal.R in package latentnet, part of the Statnet suite
     > # of packages for network analysis, http://statnet.org .
     > #
     > # This software is distributed under the GPL-3 license. It is free,
     > # open source, and has the attribution requirements (GPL Section 7) at
     > # http://statnet.org/attribution
     > #
     > # Copyright 2003-2018 Statnet Commons
     > #######################################################################
     > library(latentnet)
     Loading required package: statnet.common
    
     Attaching package: 'statnet.common'
    
     The following object is masked from 'package:base':
    
     order
    
     Loading required package: network
     network: Classes for Relational Data
     Version 1.15 created on 2019-04-01.
     copyright (c) 2005, Carter T. Butts, University of California-Irvine
     Mark S. Handcock, University of California -- Los Angeles
     David R. Hunter, Penn State University
     Martina Morris, University of Washington
     Skye Bender-deMoll, University of Washington
     For citation information, type citation("network").
     Type help("network-package") to get started.
    
     Loading required package: ergm
     Error: package or namespace load failed for 'ergm' in loadNamespace(j <- i[[1L]], c(lib.loc, .libPaths()), versionCheck = vI[[j]]):
     namespace 'Matrix' 1.2-15 is being loaded, but >= 1.2.17 is required
     Error: package 'ergm' could not be loaded
     Execution halted
Flavor: r-oldrel-windows-ix86+x86_64