CRAN Package Check Results for Package latentnet

Last updated on 2020-02-20 21:47:31 CET.

Flavor Version Tinstall Tcheck Ttotal Status Flags
r-devel-linux-x86_64-debian-clang 2.10.1 20.94 162.27 183.21 OK
r-devel-linux-x86_64-debian-gcc 2.10.1 16.44 118.51 134.95 OK
r-devel-linux-x86_64-fedora-clang 2.10.1 214.60 OK
r-devel-linux-x86_64-fedora-gcc 2.10.1 206.81 OK
r-devel-windows-ix86+x86_64 2.10.1 51.00 233.00 284.00 OK
r-devel-windows-ix86+x86_64-gcc8 2.10.1 71.00 346.00 417.00 OK
r-patched-linux-x86_64 2.10.1 16.57 142.07 158.64 OK
r-patched-solaris-x86 2.10.1 280.50 OK
r-release-linux-x86_64 2.10.1 16.93 140.25 157.18 OK
r-release-windows-ix86+x86_64 2.10.1 44.00 233.00 277.00 OK
r-release-osx-x86_64 2.10.1 NOTE
r-oldrel-windows-ix86+x86_64 2.10.1 35.00 220.00 255.00 OK
r-oldrel-osx-x86_64 2.10.1 NOTE

Additional issues

clang-UBSAN gcc-UBSAN LTO

Check Details

Version: 2.10.1
Check: dependencies in R code
Result: NOTE
    No protocol specified
Flavors: r-release-osx-x86_64, r-oldrel-osx-x86_64