CRAN Package Check Results for Package latrend

Last updated on 2021-02-26 03:52:26 CET.

Flavor Version Tinstall Tcheck Ttotal Status Flags
r-devel-linux-x86_64-debian-clang 1.0.1 36.79 543.10 579.89 OK
r-devel-linux-x86_64-debian-gcc 1.0.1 27.73 354.54 382.27 OK
r-devel-linux-x86_64-fedora-clang 1.0.1 654.27 OK
r-devel-linux-x86_64-fedora-gcc 1.0.1 610.83 OK
r-devel-windows-ix86+x86_64 1.0.1 47.00 380.00 427.00 OK
r-patched-linux-x86_64 1.0.1 35.19 453.78 488.97 OK
r-patched-solaris-x86 1.0.1 834.60 OK
r-release-linux-x86_64 1.0.1 36.31 453.02 489.33 OK
r-release-macos-x86_64 1.0.1 ERROR
r-release-windows-ix86+x86_64 1.0.1 70.00 504.00 574.00 OK
r-oldrel-macos-x86_64 1.0.1 ERROR
r-oldrel-windows-ix86+x86_64 1.0.1 40.00 528.00 568.00 OK

Check Details

Version: 1.0.1
Check: package dependencies
Result: NOTE
    Package suggested but not available for checking: ‘mixAK’
Flavors: r-release-macos-x86_64, r-oldrel-macos-x86_64

Version: 1.0.1
Check: Rd cross-references
Result: NOTE
    Package unavailable to check Rd xrefs: ‘mixAK’
Flavors: r-release-macos-x86_64, r-oldrel-macos-x86_64

Version: 1.0.1
Check: examples
Result: ERROR
    Running examples in ‘latrend-Ex.R’ failed
    The error most likely occurred in:
    
    > ### Name: lcMethodMixAK_GLMM
    > ### Title: Specify a GLMM iwht a normal mixture in the random effects
    > ### Aliases: lcMethodMixAK_GLMM
    >
    > ### ** Examples
    >
    > data(latrendData)
    > method <- lcMethodMixAK_GLMM(fixed = Y ~ 1, random = ~ Time,
    + id = "Id", time = "Time", nClusters = 3)
    Error in loadNamespace(name) : there is no package called ‘mixAK’
    Calls: lcMethodMixAK_GLMM ... loadNamespace -> withRestarts -> withOneRestart -> doWithOneRestart
    Execution halted
Flavors: r-release-macos-x86_64, r-oldrel-macos-x86_64

Version: 1.0.1
Check: whether package can be installed
Result: WARN
    Found the following significant warnings:
     Warning: 'rgl.init' failed, running with 'rgl.useNULL = TRUE'.
Flavor: r-oldrel-macos-x86_64