CRAN Package Check Results for Package latte

Last updated on 2022-08-13 07:11:37 CEST.

Flavor Version Tinstall Tcheck Ttotal Status Flags
r-devel-linux-x86_64-debian-clang 0.2.1 8.81 74.28 83.09 NOTE
r-devel-linux-x86_64-debian-gcc 0.2.1 7.02 54.34 61.36 NOTE
r-devel-linux-x86_64-fedora-clang 0.2.1 106.78 NOTE
r-devel-linux-x86_64-fedora-gcc 0.2.1 106.69 NOTE
r-devel-windows-x86_64 0.2.1 26.00 95.00 121.00 NOTE
r-patched-linux-x86_64 0.2.1 15.42 68.04 83.46 NOTE
r-release-linux-x86_64 0.2.1 9.72 68.25 77.97 NOTE
r-release-macos-arm64 0.2.1 34.00 NOTE
r-release-macos-x86_64 0.2.1 69.00 NOTE
r-release-windows-x86_64 0.2.1 27.00 96.00 123.00 NOTE
r-oldrel-macos-arm64 0.2.1 38.00 NOTE
r-oldrel-macos-x86_64 0.2.1 48.00 NOTE
r-oldrel-windows-ix86+x86_64 0.2.1 23.00 94.00 117.00 NOTE

Check Details

Version: 0.2.1
Check: LazyData
Result: NOTE
     'LazyData' is specified without a 'data' directory
Flavors: r-devel-linux-x86_64-debian-clang, r-devel-linux-x86_64-debian-gcc, r-devel-linux-x86_64-fedora-clang, r-devel-linux-x86_64-fedora-gcc, r-devel-windows-x86_64, r-patched-linux-x86_64, r-release-linux-x86_64, r-release-macos-arm64, r-release-macos-x86_64, r-release-windows-x86_64, r-oldrel-macos-arm64, r-oldrel-macos-x86_64, r-oldrel-windows-ix86+x86_64