CRAN Package Check Results for Package latticeExtra

Last updated on 2018-12-17 15:49:26 CET.

Flavor Version Tinstall Tcheck Ttotal Status Flags
r-devel-linux-x86_64-debian-clang 0.6-28 6.01 3.43 9.44 ERROR
r-devel-linux-x86_64-debian-gcc 0.6-28 5.26 1.99 7.25 ERROR
r-devel-linux-x86_64-fedora-clang 0.6-28 93.36 OK
r-devel-linux-x86_64-fedora-gcc 0.6-28 90.89 OK
r-devel-windows-ix86+x86_64 0.6-28 15.00 108.00 123.00 OK
r-patched-linux-x86_64 0.6-28 5.46 2.95 8.41 ERROR
r-patched-solaris-x86 0.6-28 122.90 OK
r-release-linux-x86_64 0.6-28 5.88 72.14 78.02 OK
r-release-windows-ix86+x86_64 0.6-28 10.00 86.00 96.00 OK
r-release-osx-x86_64 0.6-28 OK
r-oldrel-windows-ix86+x86_64 0.6-28 7.00 113.00 120.00 OK
r-oldrel-osx-x86_64 0.6-28 OK

Check Details

Version: 0.6-28
Check: whether the package can be loaded
Result: ERROR
    Loading this package had a fatal error status code 1
    Loading log:
    Loading required package: lattice
    Error: package or namespace load failed for ‘lattice’ in dyn.load(file, DLLpath = DLLpath, ...):
     unable to load shared object ‘/home/hornik/tmp/R.check/r-devel-clang/Work/build/Packages/lattice/libs/lattice.so’:
     /home/hornik/tmp/R.check/r-devel-clang/Work/build/Packages/lattice/libs/lattice.so: failed to map segment from shared object
    Error: package ‘lattice’ could not be loaded
    Execution halted
Flavor: r-devel-linux-x86_64-debian-clang

Version: 0.6-28
Check: whether the package can be loaded
Result: ERROR
    Loading this package had a fatal error status code 1
    Loading log:
    Loading required package: lattice
    Error: package or namespace load failed for ‘lattice’ in dyn.load(file, DLLpath = DLLpath, ...):
     unable to load shared object ‘/home/hornik/tmp/R.check/r-devel-gcc/Work/build/Packages/lattice/libs/lattice.so’:
     /home/hornik/tmp/R.check/r-devel-gcc/Work/build/Packages/lattice/libs/lattice.so: failed to map segment from shared object
    Error: package ‘lattice’ could not be loaded
    Execution halted
Flavor: r-devel-linux-x86_64-debian-gcc

Version: 0.6-28
Check: whether the package can be loaded
Result: ERROR
    Loading this package had a fatal error status code 1
    Loading log:
    Loading required package: lattice
    Error: package or namespace load failed for ‘lattice’ in dyn.load(file, DLLpath = DLLpath, ...):
     unable to load shared object ‘/home/hornik/tmp/R.check/r-patched-gcc/Work/build/Packages/lattice/libs/lattice.so’:
     /home/hornik/tmp/R.check/r-patched-gcc/Work/build/Packages/lattice/libs/lattice.so: failed to map segment from shared object
    Error: package ‘lattice’ could not be loaded
    Execution halted
Flavor: r-patched-linux-x86_64