Last updated on 2023-01-30 01:27:03 CET.
Flavor | Version | Tinstall | Tcheck | Ttotal | Status | Flags |
---|---|---|---|---|---|---|
r-devel-linux-x86_64-debian-clang | 0.6-30 | 7.86 | 98.45 | 106.31 | OK | |
r-devel-linux-x86_64-debian-gcc | 0.6-30 | 6.30 | 74.10 | 80.40 | OK | |
r-devel-linux-x86_64-fedora-clang | 0.6-30 | 128.91 | NOTE | |||
r-devel-linux-x86_64-fedora-gcc | 0.6-30 | 123.69 | OK | |||
r-devel-windows-x86_64 | 0.6-30 | 103.00 | 142.00 | 245.00 | OK | |
r-patched-linux-x86_64 | 0.6-30 | 10.24 | 91.69 | 101.93 | OK | |
r-release-linux-x86_64 | 0.6-30 | 7.01 | 93.15 | 100.16 | OK | |
r-release-macos-arm64 | 0.6-30 | 40.00 | OK | |||
r-release-macos-x86_64 | 0.6-30 | 54.00 | OK | |||
r-release-windows-x86_64 | 0.6-30 | 89.00 | 134.00 | 223.00 | OK | |
r-oldrel-macos-arm64 | 0.6-30 | 41.00 | OK | |||
r-oldrel-macos-x86_64 | 0.6-30 | 52.00 | OK | |||
r-oldrel-windows-ix86+x86_64 | 0.6-30 | 16.00 | 123.00 | 139.00 | OK |
Version: 0.6-30
Check: Rd cross-references
Result: NOTE
Undeclared package ‘ggplot2’ in Rd xrefs
Flavor: r-devel-linux-x86_64-fedora-clang