CRAN Package Check Results for Package latticeExtra

Last updated on 2022-09-30 08:54:11 CEST.

Flavor Version Tinstall Tcheck Ttotal Status Flags
r-devel-linux-x86_64-debian-clang 0.6-30 9.46 99.71 109.17 OK
r-devel-linux-x86_64-debian-gcc 0.6-30 6.90 74.21 81.11 OK
r-devel-linux-x86_64-fedora-clang 0.6-30 141.77 NOTE
r-devel-linux-x86_64-fedora-gcc 0.6-30 134.27 OK
r-devel-windows-x86_64 0.6-30 97.00 139.00 236.00 OK
r-patched-linux-x86_64 0.6-30 9.98 93.02 103.00 OK
r-release-linux-x86_64 0.6-30 8.16 91.53 99.69 OK
r-release-macos-arm64 0.6-30 40.00 OK
r-release-macos-x86_64 0.6-30 54.00 OK
r-release-windows-x86_64 0.6-30 77.00 136.00 213.00 OK
r-oldrel-macos-arm64 0.6-30 41.00 OK
r-oldrel-macos-x86_64 0.6-30 52.00 OK
r-oldrel-windows-ix86+x86_64 0.6-30 15.00 126.00 141.00 OK

Check Details

Version: 0.6-30
Check: Rd cross-references
Result: NOTE
    Undeclared package ‘ggplot2’ in Rd xrefs
Flavor: r-devel-linux-x86_64-fedora-clang