CRAN Package Check Results for Package lava

Last updated on 2018-06-18 05:49:17 CEST.

Flavor Version Tinstall Tcheck Ttotal Status Flags
r-devel-linux-x86_64-debian-clang 1.6.1 30.00 219.46 249.46 WARN
r-devel-linux-x86_64-debian-gcc 1.6.1 25.94 184.35 210.29 WARN
r-devel-linux-x86_64-fedora-clang 1.6.1 331.58 WARN
r-devel-linux-x86_64-fedora-gcc 1.6.1 318.93 WARN
r-devel-windows-ix86+x86_64 1.6.1 52.00 222.00 274.00 OK
r-patched-linux-x86_64 1.6.1 26.63 234.35 260.98 OK
r-patched-solaris-x86 1.6.1 377.00 OK
r-release-linux-x86_64 1.6.1 29.26 230.54 259.80 OK
r-release-windows-ix86+x86_64 1.6.1 57.00 303.00 360.00 OK
r-release-osx-x86_64 1.6.1 OK
r-oldrel-windows-ix86+x86_64 1.6.1 37.00 231.00 268.00 OK
r-oldrel-osx-x86_64 1.6.1 OK

Check Details

Version: 1.6.1
Check: for unstated dependencies in ‘tests’
Result: WARN
    '::' or ':::' imports not declared from:
     ‘nlme’ ‘polycor’
    'library' or 'require' calls not declared from:
     ‘mvtnorm’ ‘png’ ‘polycor’
Flavors: r-devel-linux-x86_64-debian-clang, r-devel-linux-x86_64-debian-gcc, r-devel-linux-x86_64-fedora-clang, r-devel-linux-x86_64-fedora-gcc