CRAN Package Check Results for Package lavaan.shiny

Last updated on 2022-10-01 09:52:25 CEST.

Flavor Version Tinstall Tcheck Ttotal Status Flags
r-devel-linux-x86_64-debian-clang 1.2 19.66 171.65 191.31 NOTE
r-devel-linux-x86_64-debian-gcc 1.2 16.20 124.61 140.81 NOTE
r-devel-linux-x86_64-fedora-clang 1.2 254.09 NOTE
r-devel-linux-x86_64-fedora-gcc 1.2 237.31 NOTE
r-devel-windows-x86_64 1.2 21.00 172.00 193.00 NOTE
r-patched-linux-x86_64 1.2 18.00 157.44 175.44 NOTE
r-release-linux-x86_64 1.2 18.94 157.68 176.62 NOTE
r-release-macos-arm64 1.2 60.00 NOTE
r-release-macos-x86_64 1.2 107.00 NOTE
r-release-windows-x86_64 1.2 22.00 178.00 200.00 NOTE
r-oldrel-macos-arm64 1.2 69.00 NOTE
r-oldrel-macos-x86_64 1.2 123.00 NOTE
r-oldrel-windows-ix86+x86_64 1.2 47.00 179.00 226.00 NOTE

Check Details

Version: 1.2
Check: LazyData
Result: NOTE
     'LazyData' is specified without a 'data' directory
Flavors: r-devel-linux-x86_64-debian-clang, r-devel-linux-x86_64-debian-gcc, r-devel-linux-x86_64-fedora-clang, r-devel-linux-x86_64-fedora-gcc, r-devel-windows-x86_64, r-patched-linux-x86_64, r-release-linux-x86_64, r-release-macos-arm64, r-release-macos-x86_64, r-release-windows-x86_64, r-oldrel-macos-arm64, r-oldrel-macos-x86_64, r-oldrel-windows-ix86+x86_64