Last updated on 2023-06-08 08:55:25 CEST.
Flavor | Version | Tinstall | Tcheck | Ttotal | Status | Flags |
---|---|---|---|---|---|---|
r-devel-linux-x86_64-debian-clang | 0.1.6 | 2.98 | 81.70 | 84.68 | OK | |
r-devel-linux-x86_64-debian-gcc | 0.1.6 | 2.23 | 63.33 | 65.56 | OK | |
r-devel-linux-x86_64-fedora-clang | 0.1.6 | 110.41 | OK | |||
r-devel-linux-x86_64-fedora-gcc | 0.1.6 | 116.97 | OK | |||
r-devel-windows-x86_64 | 0.1.6 | 8.00 | 85.00 | 93.00 | OK | |
r-patched-linux-x86_64 | 0.1.6 | 3.48 | 78.35 | 81.83 | OK | |
r-release-linux-x86_64 | 0.1.6 | 3.54 | 78.54 | 82.08 | OK | |
r-release-macos-arm64 | 0.1.6 | 57.00 | OK | |||
r-release-macos-x86_64 | 0.1.4 | 148.00 | NOTE | |||
r-release-windows-x86_64 | 0.1.6 | 4.00 | 99.00 | 103.00 | OK | |
r-oldrel-macos-arm64 | 0.1.6 | 40.00 | OK | |||
r-oldrel-macos-x86_64 | 0.1.6 | 51.00 | OK | |||
r-oldrel-windows-x86_64 | 0.1.6 | 5.00 | 102.00 | 107.00 | OK |
Version: 0.1.4
Check: installed package size
Result: NOTE
installed size is 5.5Mb
sub-directories of 1Mb or more:
doc 4.7Mb
Flavor: r-release-macos-x86_64