Last updated on 2021-04-14 18:51:04 CEST.
Flavor | Version | Tinstall | Tcheck | Ttotal | Status | Flags |
---|---|---|---|---|---|---|
r-devel-linux-x86_64-debian-clang | 0.1.0 | 3.04 | 19.78 | 22.82 | NOTE | |
r-devel-linux-x86_64-debian-gcc | 0.1.0 | 2.32 | 15.93 | 18.25 | NOTE | |
r-devel-linux-x86_64-fedora-clang | 0.1.0 | 38.22 | NOTE | |||
r-devel-linux-x86_64-fedora-gcc | 0.1.0 | 27.69 | NOTE | |||
r-devel-windows-ix86+x86_64 | 0.1.0 | 6.00 | 35.00 | 41.00 | NOTE | |
r-devel-windows-x86_64-gcc10-UCRT | 0.1.0 | NOTE | ||||
r-patched-linux-x86_64 | 0.1.0 | 2.45 | 19.42 | 21.87 | OK | |
r-patched-solaris-x86 | 0.1.0 | 41.30 | NOTE | |||
r-release-linux-x86_64 | 0.1.0 | 2.50 | 19.44 | 21.94 | OK | |
r-release-macos-x86_64 | 0.1.0 | NOTE | ||||
r-release-windows-ix86+x86_64 | 0.1.0 | 5.00 | 33.00 | 38.00 | OK | |
r-oldrel-macos-x86_64 | 0.1.0 | NOTE | ||||
r-oldrel-windows-ix86+x86_64 | 0.1.0 | 4.00 | 23.00 | 27.00 | OK |
Version: 0.1.0
Check: LazyData
Result: NOTE
'LazyData' is specified without a 'data' directory
Flavors: r-devel-linux-x86_64-debian-clang, r-devel-linux-x86_64-debian-gcc, r-devel-linux-x86_64-fedora-clang, r-devel-linux-x86_64-fedora-gcc, r-devel-windows-ix86+x86_64, r-devel-windows-x86_64-gcc10-UCRT
Version: 0.1.0
Check: dependencies in R code
Result: NOTE
Namespace in Imports field not imported from: ‘R6’
All declared Imports should be used.
Flavors: r-devel-linux-x86_64-fedora-clang, r-devel-linux-x86_64-fedora-gcc, r-devel-windows-x86_64-gcc10-UCRT, r-patched-solaris-x86, r-release-macos-x86_64, r-oldrel-macos-x86_64