CRAN Package Check Results for Package lazyrmd

Last updated on 2018-08-20 09:47:43 CEST.

Flavor Version Tinstall Tcheck Ttotal Status Flags
r-devel-linux-x86_64-debian-clang 0.2.0.1 1.65 29.14 30.79 OK
r-devel-linux-x86_64-debian-gcc 0.2.0.1 0.89 23.57 24.46 OK
r-devel-linux-x86_64-fedora-clang 0.2.0.1 36.44 OK
r-devel-linux-x86_64-fedora-gcc 0.2.0.1 35.70 OK
r-devel-windows-ix86+x86_64 0.2.0 6.00 62.00 68.00 WARN
r-patched-linux-x86_64 0.2.0 1.50 25.90 27.40 OK
r-patched-solaris-x86 0.2.0.1 50.60 OK
r-release-linux-x86_64 0.2.0 1.57 25.95 27.52 OK
r-release-windows-ix86+x86_64 0.2.0.1 5.00 53.00 58.00 OK
r-release-osx-x86_64 0.2.0 OK
r-oldrel-windows-ix86+x86_64 0.2.0 4.00 55.00 59.00 OK
r-oldrel-osx-x86_64 0.2.0 OK

Check Details

Version: 0.2.0
Check: for unstated dependencies in ‘tests’
Result: WARN
    '::' or ':::' import not declared from: 'lintr'
    'library' or 'require' call not declared from: 'lintr'
Flavor: r-devel-windows-ix86+x86_64