CRAN Package Check Results for Package lazyrmd

Last updated on 2018-05-24 04:49:41 CEST.

Flavor Version Tinstall Tcheck Ttotal Status Flags
r-devel-linux-x86_64-debian-clang 0.2.0 1.28 27.07 28.35 WARN
r-devel-linux-x86_64-debian-gcc 0.2.0 1.21 22.91 24.12 WARN
r-devel-linux-x86_64-fedora-clang 0.2.0 36.03 OK
r-devel-linux-x86_64-fedora-gcc 0.2.0 34.16 OK
r-devel-windows-ix86+x86_64 0.2.0 3.00 58.00 61.00 OK
r-patched-linux-x86_64 0.2.0 1.49 25.76 27.25 OK
r-patched-solaris-x86 0.2.0 54.80 OK
r-release-linux-x86_64 0.2.0 0.94 25.31 26.25 OK
r-release-windows-ix86+x86_64 0.2.0 4.00 54.00 58.00 OK
r-release-osx-x86_64 0.2.0 OK
r-oldrel-windows-ix86+x86_64 0.2.0 9.00 41.00 50.00 OK
r-oldrel-osx-x86_64 0.2.0 OK

Check Details

Version: 0.2.0
Check: for unstated dependencies in ‘tests’
Result: WARN
    '::' or ':::' import not declared from: ‘lintr’
    'library' or 'require' call not declared from: ‘lintr’
Flavors: r-devel-linux-x86_64-debian-clang, r-devel-linux-x86_64-debian-gcc