CRAN Package Check Results for Package lba

Last updated on 2020-02-20 21:47:31 CET.

Flavor Version Tinstall Tcheck Ttotal Status Flags
r-devel-linux-x86_64-debian-clang 2.4.4 11.56 75.40 86.96 NOTE
r-devel-linux-x86_64-debian-gcc 2.4.4 10.39 56.28 66.67 NOTE
r-devel-linux-x86_64-fedora-clang 2.4.4 103.50 NOTE
r-devel-linux-x86_64-fedora-gcc 2.4.4 100.38 NOTE
r-devel-windows-ix86+x86_64 2.4.4 23.00 79.00 102.00 NOTE
r-devel-windows-ix86+x86_64-gcc8 2.4.4 41.00 120.00 161.00 NOTE
r-patched-linux-x86_64 2.4.4 10.72 66.41 77.13 NOTE
r-patched-solaris-x86 2.4.4 128.10 NOTE
r-release-linux-x86_64 2.4.4 11.56 65.96 77.52 NOTE
r-release-windows-ix86+x86_64 2.4.4 18.00 75.00 93.00 NOTE
r-release-osx-x86_64 2.4.4 WARN
r-oldrel-windows-ix86+x86_64 2.4.4 14.00 74.00 88.00 NOTE
r-oldrel-osx-x86_64 2.4.4 OK

Check Details

Version: 2.4.4
Check: R code for possible problems
Result: NOTE
    plotcorr.lba.3d: warning in pch3d(colcoordi[, dim], pch = pch.budget,
     col = col.budget, ...): partial argument match of 'col' to 'color'
Flavors: r-devel-linux-x86_64-debian-clang, r-devel-linux-x86_64-debian-gcc, r-devel-linux-x86_64-fedora-clang, r-devel-linux-x86_64-fedora-gcc, r-devel-windows-ix86+x86_64, r-devel-windows-ix86+x86_64-gcc8, r-patched-linux-x86_64, r-patched-solaris-x86, r-release-linux-x86_64, r-release-windows-ix86+x86_64, r-release-osx-x86_64, r-oldrel-windows-ix86+x86_64

Version: 2.4.4
Check: whether package can be installed
Result: WARN
    Found the following significant warnings:
     Warning: 'rgl_init' failed, running with rgl.useNULL = TRUE
Flavor: r-release-osx-x86_64