CRAN Package Check Results for Package lcars

Last updated on 2022-12-06 19:55:48 CET.

Flavor Version Tinstall Tcheck Ttotal Status Flags
r-devel-linux-x86_64-debian-clang 0.3.7 4.31 60.54 64.85 NOTE
r-devel-linux-x86_64-debian-gcc 0.3.7 4.54 45.49 50.03 NOTE
r-devel-linux-x86_64-fedora-clang 0.3.7 95.08 NOTE
r-devel-linux-x86_64-fedora-gcc 0.3.7 101.56 NOTE
r-devel-windows-x86_64 0.3.7 26.00 91.00 117.00 NOTE
r-patched-linux-x86_64 0.3.7 6.95 55.45 62.40 OK
r-release-linux-x86_64 0.3.7 5.01 56.69 61.70 OK
r-release-macos-arm64 0.3.7 28.00 OK
r-release-macos-x86_64 0.3.7 60.00 OK
r-release-windows-x86_64 0.3.7 22.00 96.00 118.00 OK
r-oldrel-macos-arm64 0.3.7 36.00 OK
r-oldrel-macos-x86_64 0.3.7 40.00 OK
r-oldrel-windows-ix86+x86_64 0.3.7 15.00 87.00 102.00 OK

Check Details

Version: 0.3.7
Check: package subdirectories
Result: NOTE
    Problems with news in 'NEWS.md':
     Cannot extract version info from the following section titles:
     lcars.0.3.1
Flavors: r-devel-linux-x86_64-debian-clang, r-devel-linux-x86_64-debian-gcc, r-devel-linux-x86_64-fedora-clang, r-devel-linux-x86_64-fedora-gcc, r-devel-windows-x86_64