CRAN Package Check Results for Package lcmm

Last updated on 2019-11-20 00:49:05 CET.

Flavor Version Tinstall Tcheck Ttotal Status Flags
r-devel-linux-x86_64-debian-clang 1.8.1 107.67 391.31 498.98 OK
r-devel-linux-x86_64-debian-gcc 1.8.1 99.38 282.46 381.84 OK
r-devel-linux-x86_64-fedora-clang 1.8.1 625.55 OK
r-devel-linux-x86_64-fedora-gcc 1.8.1 629.75 OK
r-devel-windows-ix86+x86_64 1.8.1 225.00 576.00 801.00 NOTE
r-devel-windows-ix86+x86_64-gcc8 1.8.1 243.00 480.00 723.00 NOTE
r-patched-linux-x86_64 1.8.1 99.48 379.98 479.46 OK
r-patched-solaris-x86 1.8.1 1048.80 NOTE
r-release-linux-x86_64 1.8.1 102.22 379.79 482.01 OK
r-release-windows-ix86+x86_64 1.8.1 225.00 562.00 787.00 NOTE
r-release-osx-x86_64 1.8.1 OK
r-oldrel-windows-ix86+x86_64 1.8.1 179.00 435.00 614.00 NOTE
r-oldrel-osx-x86_64 1.8.1 OK

Additional issues

LTO

Check Details

Version: 1.8.1
Check: installed package size
Result: NOTE
     installed size is 5.1Mb
     sub-directories of 1Mb or more:
     R 1.1Mb
     doc 1.4Mb
     libs 2.3Mb
Flavors: r-devel-windows-ix86+x86_64, r-devel-windows-ix86+x86_64-gcc8, r-patched-solaris-x86, r-release-windows-ix86+x86_64, r-oldrel-windows-ix86+x86_64