CRAN Package Check Results for Package lcmm

Last updated on 2020-07-07 05:48:30 CEST.

Flavor Version Tinstall Tcheck Ttotal Status Flags
r-devel-linux-x86_64-debian-clang 1.9.1 111.91 400.47 512.38 OK
r-devel-linux-x86_64-debian-gcc 1.9.1 103.62 280.25 383.87 OK
r-devel-linux-x86_64-fedora-clang 1.9.1 657.57 OK
r-devel-linux-x86_64-fedora-gcc 1.9.1 650.62 OK
r-devel-windows-ix86+x86_64 1.9.1 188.00 500.00 688.00 NOTE
r-patched-linux-x86_64 1.9.1 113.02 402.29 515.31 OK
r-patched-solaris-x86 1.9.1 1067.50 NOTE
r-release-linux-x86_64 1.9.1 108.07 398.92 506.99 OK
r-release-osx-x86_64 1.9.1 OK
r-release-windows-ix86+x86_64 1.9.1 174.00 453.00 627.00 NOTE
r-oldrel-osx-x86_64 1.9.1 OK
r-oldrel-windows-ix86+x86_64 1.9.1 191.00 581.00 772.00 OK

Check Details

Version: 1.9.1
Check: installed package size
Result: NOTE
     installed size is 5.0Mb
     sub-directories of 1Mb or more:
     R 1.1Mb
     libs 2.6Mb
Flavors: r-devel-windows-ix86+x86_64, r-patched-solaris-x86, r-release-windows-ix86+x86_64