CRAN Package Check Results for Package ldamatch

Last updated on 2021-05-16 23:47:02 CEST.

Flavor Version Tinstall Tcheck Ttotal Status Flags
r-devel-linux-x86_64-debian-clang 1.0.1 6.45 164.34 170.79 NOTE
r-devel-linux-x86_64-debian-gcc 1.0.1 5.20 120.10 125.30 NOTE
r-devel-linux-x86_64-fedora-clang 1.0.1 198.73 NOTE
r-devel-linux-x86_64-fedora-gcc 1.0.1 192.31 NOTE
r-devel-windows-ix86+x86_64 1.0.1 17.00 228.00 245.00 NOTE
r-devel-windows-x86_64-gcc10-UCRT 1.0.1 NOTE
r-patched-linux-x86_64 1.0.1 6.90 155.03 161.93 NOTE
r-patched-solaris-x86 1.0.1 471.50 NOTE
r-release-linux-x86_64 1.0.1 6.42 157.58 164.00 OK
r-release-macos-x86_64 1.0.1 OK
r-release-windows-ix86+x86_64 1.0.1 12.00 174.00 186.00 NOTE
r-oldrel-macos-x86_64 1.0.1 OK
r-oldrel-windows-ix86+x86_64 1.0.1 13.00 244.00 257.00 NOTE

Check Details

Version: 1.0.1
Check: LazyData
Result: NOTE
     'LazyData' is specified without a 'data' directory
Flavors: r-devel-linux-x86_64-debian-clang, r-devel-linux-x86_64-debian-gcc, r-devel-linux-x86_64-fedora-clang, r-devel-linux-x86_64-fedora-gcc, r-devel-windows-ix86+x86_64, r-devel-windows-x86_64-gcc10-UCRT, r-patched-linux-x86_64, r-patched-solaris-x86

Version: 1.0.1
Check: package dependencies
Result: NOTE
    Package suggested but not available for checking: 'doMC'
Flavors: r-devel-windows-ix86+x86_64, r-devel-windows-x86_64-gcc10-UCRT, r-release-windows-ix86+x86_64, r-oldrel-windows-ix86+x86_64