CRAN Package Check Results for Package ldbod

Last updated on 2018-12-17 15:49:26 CET.

Flavor Version Tinstall Tcheck Ttotal Status Flags
r-devel-linux-x86_64-debian-clang 0.1.2 1.33 2.54 3.87 ERROR
r-devel-linux-x86_64-debian-gcc 0.1.2 1.41 1.40 2.81 ERROR
r-devel-linux-x86_64-fedora-clang 0.1.2 32.02 OK
r-devel-linux-x86_64-fedora-gcc 0.1.2 29.29 OK
r-devel-windows-ix86+x86_64 0.1.2 5.00 35.00 40.00 OK
r-patched-linux-x86_64 0.1.2 1.43 1.74 3.17 ERROR
r-patched-solaris-x86 0.1.2 43.10 OK
r-release-linux-x86_64 0.1.2 1.16 24.03 25.19 OK
r-release-windows-ix86+x86_64 0.1.2 3.00 37.00 40.00 OK
r-release-osx-x86_64 0.1.2 OK
r-oldrel-windows-ix86+x86_64 0.1.2 5.00 43.00 48.00 OK
r-oldrel-osx-x86_64 0.1.2 OK

Check Details

Version: 0.1.2
Check: whether the package can be loaded
Result: ERROR
    Loading this package had a fatal error status code 1
    Loading log:
    Error: package or namespace load failed for ‘ldbod’ in dyn.load(file, DLLpath = DLLpath, ...):
     unable to load shared object ‘/home/hornik/tmp/R.check/r-devel-clang/Work/build/Packages/RANN/libs/RANN.so’:
     /home/hornik/tmp/R.check/r-devel-clang/Work/build/Packages/RANN/libs/RANN.so: failed to map segment from shared object
    Execution halted
Flavor: r-devel-linux-x86_64-debian-clang

Version: 0.1.2
Check: whether the package can be loaded
Result: ERROR
    Loading this package had a fatal error status code 1
    Loading log:
    Error: package or namespace load failed for ‘ldbod’ in dyn.load(file, DLLpath = DLLpath, ...):
     unable to load shared object ‘/home/hornik/tmp/R.check/r-devel-gcc/Work/build/Packages/RANN/libs/RANN.so’:
     /home/hornik/tmp/R.check/r-devel-gcc/Work/build/Packages/RANN/libs/RANN.so: failed to map segment from shared object
    Execution halted
Flavor: r-devel-linux-x86_64-debian-gcc

Version: 0.1.2
Check: whether the package can be loaded
Result: ERROR
    Loading this package had a fatal error status code 1
    Loading log:
    Error: package or namespace load failed for ‘ldbod’ in dyn.load(file, DLLpath = DLLpath, ...):
     unable to load shared object ‘/home/hornik/tmp/R.check/r-patched-gcc/Work/build/Packages/RANN/libs/RANN.so’:
     /home/hornik/tmp/R.check/r-patched-gcc/Work/build/Packages/RANN/libs/RANN.so: failed to map segment from shared object
    Execution halted
Flavor: r-patched-linux-x86_64