CRAN Package Check Results for Package leafgl

Last updated on 2021-09-17 07:51:33 CEST.

Flavor Version Tinstall Tcheck Ttotal Status Flags
r-devel-linux-x86_64-debian-clang 0.1.1 3.84 39.96 43.80 NOTE
r-devel-linux-x86_64-debian-gcc 0.1.1 2.91 30.82 33.73 NOTE
r-devel-linux-x86_64-fedora-clang 0.1.1 62.09 NOTE
r-devel-linux-x86_64-fedora-gcc 0.1.1 49.22 NOTE
r-devel-windows-x86_64 0.1.1 5.00 58.00 63.00 NOTE
r-devel-windows-x86_64-gcc10-UCRT 0.1.1 NOTE
r-patched-linux-x86_64 0.1.1 3.30 38.60 41.90 NOTE
r-patched-solaris-x86 0.1.1 77.50 NOTE
r-release-linux-x86_64 0.1.1 2.95 38.09 41.04 NOTE
r-release-macos-arm64 0.1.1 NOTE
r-release-macos-x86_64 0.1.1 NOTE
r-release-windows-ix86+x86_64 0.1.1 8.00 41.00 49.00 NOTE
r-oldrel-macos-x86_64 0.1.1 OK
r-oldrel-windows-ix86+x86_64 0.1.1 6.00 51.00 57.00 OK

Check Details

Version: 0.1.1
Check: LazyData
Result: NOTE
     'LazyData' is specified without a 'data' directory
Flavors: r-devel-linux-x86_64-debian-clang, r-devel-linux-x86_64-debian-gcc, r-devel-linux-x86_64-fedora-clang, r-devel-linux-x86_64-fedora-gcc, r-devel-windows-x86_64, r-devel-windows-x86_64-gcc10-UCRT, r-patched-linux-x86_64, r-patched-solaris-x86, r-release-linux-x86_64, r-release-macos-arm64, r-release-macos-x86_64, r-release-windows-ix86+x86_64