CRAN Package Check Results for Package leaflet.esri

Last updated on 2018-05-26 04:50:59 CEST.

Flavor Version Tinstall Tcheck Ttotal Status Flags
r-devel-linux-x86_64-debian-clang 1.0.0 2.37 28.20 30.57 OK
r-devel-linux-x86_64-debian-gcc 1.0.0 1.74 22.60 24.34 OK
r-devel-linux-x86_64-fedora-clang 1.0.0 39.17 OK
r-devel-linux-x86_64-fedora-gcc 1.0.0 34.14 OK
r-devel-windows-ix86+x86_64 1.0.0 8.00 48.00 56.00 OK
r-patched-linux-x86_64 1.0.0 2.25 25.97 28.22 OK
r-patched-solaris-x86 1.0.0 54.40 OK
r-release-linux-x86_64 1.0.0 1.85 25.91 27.76 OK
r-release-windows-ix86+x86_64 1.0.0 8.00 59.00 67.00 OK
r-release-osx-x86_64 1.0.0 OK
r-oldrel-windows-ix86+x86_64 1.0.0 10.00 42.00 52.00 OK
r-oldrel-osx-x86_64 0.2 NOTE

Check Details

Version: 0.2
Check: dependencies in R code
Result: NOTE
    Namespaces in Imports field not imported from:
     ‘htmlwidgets’ ‘shiny’
     All declared Imports should be used.
Flavor: r-oldrel-osx-x86_64