CRAN Package Check Results for Package leaflet.extras

Last updated on 2018-02-24 11:51:11 CET.

Flavor Version Tinstall Tcheck Ttotal Status Flags
r-devel-linux-x86_64-debian-clang 0.2 3.20 29.37 32.57 OK
r-devel-linux-x86_64-debian-gcc 0.2 2.40 24.11 26.51 OK
r-devel-linux-x86_64-fedora-clang 0.2 40.03 NOTE
r-devel-linux-x86_64-fedora-gcc 0.2 36.58 NOTE
r-devel-windows-ix86+x86_64 0.2 13.00 62.00 75.00 OK
r-patched-linux-x86_64 0.2 2.12 29.37 31.49 OK
r-patched-solaris-x86 0.2 50.80 NOTE
r-release-linux-x86_64 0.2 2.28 29.09 31.37 OK
r-release-windows-ix86+x86_64 0.2 15.00 69.00 84.00 OK
r-release-osx-x86_64 0.2 NOTE
r-oldrel-windows-ix86+x86_64 0.2 10.00 38.00 48.00 OK
r-oldrel-osx-x86_64 0.2 NOTE

Check Details

Version: 0.2
Check: dependencies in R code
Result: NOTE
    Namespace in Imports field not imported from: ‘shiny’
     All declared Imports should be used.
Flavors: r-devel-linux-x86_64-fedora-clang, r-devel-linux-x86_64-fedora-gcc, r-patched-solaris-x86, r-release-osx-x86_64, r-oldrel-osx-x86_64