CRAN Package Check Results for Package leaflet.extras

Last updated on 2018-11-21 08:48:43 CET.

Flavor Version Tinstall Tcheck Ttotal Status Flags
r-devel-linux-x86_64-debian-clang 1.0.0 3.11 35.07 38.18 OK
r-devel-linux-x86_64-debian-gcc 1.0.0 2.54 28.26 30.80 OK
r-devel-linux-x86_64-fedora-clang 1.0.0 44.24 OK
r-devel-linux-x86_64-fedora-gcc 1.0.0 42.33 OK
r-devel-windows-ix86+x86_64 1.0.0 21.00 58.00 79.00 OK
r-patched-linux-x86_64 1.0.0 2.95 34.29 37.24 OK
r-patched-solaris-x86 1.0.0 69.50 NOTE
r-release-linux-x86_64 1.0.0 2.83 34.02 36.85 OK
r-release-windows-ix86+x86_64 1.0.0 10.00 70.00 80.00 OK
r-release-osx-x86_64 1.0.0 OK
r-oldrel-windows-ix86+x86_64 1.0.0 11.00 50.00 61.00 OK
r-oldrel-osx-x86_64 1.0.0 OK

Check Details

Version: 1.0.0
Check: installed package size
Result: NOTE
     installed size is 5.5Mb
     sub-directories of 1Mb or more:
     htmlwidgets 4.2Mb
Flavor: r-patched-solaris-x86