CRAN Package Check Results for Package leaflet.extras

Last updated on 2019-02-21 07:48:40 CET.

Flavor Version Tinstall Tcheck Ttotal Status Flags
r-devel-linux-x86_64-debian-clang 1.0.0 3.33 35.43 38.76 OK
r-devel-linux-x86_64-debian-gcc 1.0.0 2.66 27.81 30.47 OK
r-devel-linux-x86_64-fedora-clang 1.0.0 47.75 OK
r-devel-linux-x86_64-fedora-gcc 1.0.0 44.55 OK
r-devel-windows-ix86+x86_64 1.0.0 21.00 90.00 111.00 OK
r-patched-linux-x86_64 1.0.0 OK
r-patched-solaris-x86 1.0.0 67.40 NOTE
r-release-linux-x86_64 1.0.0 OK
r-release-windows-ix86+x86_64 1.0.0 8.00 75.00 83.00 OK
r-release-osx-x86_64 1.0.0 OK
r-oldrel-windows-ix86+x86_64 1.0.0 10.00 69.00 79.00 OK
r-oldrel-osx-x86_64 1.0.0 OK

Check Details

Version: 1.0.0
Check: installed package size
Result: NOTE
     installed size is 5.5Mb
     sub-directories of 1Mb or more:
     htmlwidgets 4.2Mb
Flavor: r-patched-solaris-x86