CRAN Package Check Results for Package leaflet.extras

Last updated on 2018-08-19 06:46:47 CEST.

Flavor Version Tinstall Tcheck Ttotal Status Flags
r-devel-linux-x86_64-debian-clang 1.0.0 3.36 36.80 40.16 OK
r-devel-linux-x86_64-debian-gcc 1.0.0 2.89 29.27 32.16 OK
r-devel-linux-x86_64-fedora-clang 1.0.0 46.66 OK
r-devel-linux-x86_64-fedora-gcc 1.0.0 44.66 OK
r-devel-windows-ix86+x86_64 1.0.0 17.00 85.00 102.00 OK
r-patched-linux-x86_64 1.0.0 2.67 33.90 36.57 OK
r-patched-solaris-x86 1.0.0 67.70 NOTE
r-release-linux-x86_64 1.0.0 2.70 33.98 36.68 OK
r-release-windows-ix86+x86_64 1.0.0 17.00 60.00 77.00 OK
r-release-osx-x86_64 1.0.0 OK
r-oldrel-windows-ix86+x86_64 1.0.0 10.00 58.00 68.00 OK
r-oldrel-osx-x86_64 1.0.0 OK

Check Details

Version: 1.0.0
Check: installed package size
Result: NOTE
     installed size is 5.5Mb
     sub-directories of 1Mb or more:
     htmlwidgets 4.2Mb
Flavor: r-patched-solaris-x86