CRAN Package Check Results for Package leaflet.extras

Last updated on 2018-05-23 09:47:16 CEST.

Flavor Version Tinstall Tcheck Ttotal Status Flags
r-devel-linux-x86_64-debian-clang 1.0.0 2.90 35.25 38.15 OK
r-devel-linux-x86_64-debian-gcc 1.0.0 0.65 1.30 1.95 ERROR
r-devel-linux-x86_64-fedora-clang 1.0.0 45.62 OK
r-devel-linux-x86_64-fedora-gcc 1.0.0 43.93 OK
r-devel-windows-ix86+x86_64 1.0.0 13.00 80.00 93.00 OK
r-patched-linux-x86_64 1.0.0 3.20 33.70 36.90 OK
r-patched-solaris-x86 1.0.0 67.90 NOTE
r-release-linux-x86_64 1.0.0 3.57 33.85 37.42 OK
r-release-windows-ix86+x86_64 1.0.0 15.00 77.00 92.00 OK
r-release-osx-x86_64 1.0.0 OK
r-oldrel-windows-ix86+x86_64 1.0.0 13.00 60.00 73.00 OK
r-oldrel-osx-x86_64 0.2 NOTE

Check Details

Version: 1.0.0
Check: package dependencies
Result: ERROR
    Package required but not available: ‘leaflet’
    
    Package suggested but not available for checking: ‘readr’
    
    See section ‘The DESCRIPTION file’ in the ‘Writing R Extensions’
    manual.
Flavor: r-devel-linux-x86_64-debian-gcc

Version: 1.0.0
Check: installed package size
Result: NOTE
     installed size is 5.5Mb
     sub-directories of 1Mb or more:
     htmlwidgets 4.2Mb
Flavor: r-patched-solaris-x86

Version: 0.2
Check: dependencies in R code
Result: NOTE
    Namespace in Imports field not imported from: ‘shiny’
     All declared Imports should be used.
Flavor: r-oldrel-osx-x86_64