CRAN Package Check Results for Package leaflet

Last updated on 2021-07-31 03:52:06 CEST.

Flavor Version Tinstall Tcheck Ttotal Status Flags
r-devel-linux-x86_64-debian-clang 2.0.4.1 OK
r-devel-linux-x86_64-debian-gcc 2.0.4.1 4.56 40.93 45.49 OK
r-devel-linux-x86_64-fedora-clang 2.0.4.1 79.99 OK
r-devel-linux-x86_64-fedora-gcc 2.0.4.1 70.53 OK
r-devel-windows-x86_64 2.0.4.1 7.00 72.00 79.00 OK
r-devel-windows-x86_64-gcc10-UCRT 2.0.4.1 OK
r-patched-linux-x86_64 2.0.4.1 OK
r-patched-solaris-x86 2.0.4.1 101.90 NOTE
r-release-linux-x86_64 2.0.4.1 6.12 50.93 57.05 OK
r-release-macos-arm64 2.0.4.1 OK
r-release-macos-x86_64 2.0.4.1 OK
r-release-windows-ix86+x86_64 2.0.4.1 12.00 78.00 90.00 OK
r-oldrel-macos-x86_64 2.0.4.1 OK
r-oldrel-windows-ix86+x86_64 2.0.4.1 11.00 73.00 84.00 OK

Check Details

Version: 2.0.4.1
Check: installed package size
Result: NOTE
     installed size is 5.5Mb
     sub-directories of 1Mb or more:
     htmlwidgets 3.9Mb
Flavor: r-patched-solaris-x86