CRAN Package Check Results for Package leaflet.minicharts

Last updated on 2020-02-19 20:48:24 CET.

Flavor Version Tinstall Tcheck Ttotal Status Flags
r-devel-linux-x86_64-debian-clang 0.6.0 3.66 47.76 51.42 OK
r-devel-linux-x86_64-debian-gcc 0.6.0 3.08 36.74 39.82 OK
r-devel-linux-x86_64-fedora-clang 0.6.0 63.02 OK
r-devel-linux-x86_64-fedora-gcc 0.6.0 60.85 OK
r-devel-windows-ix86+x86_64 0.6.0 11.00 58.00 69.00 OK
r-devel-windows-ix86+x86_64-gcc8 0.6.0 22.00 89.00 111.00 OK
r-patched-linux-x86_64 0.6.0 3.23 42.38 45.61 OK
r-patched-solaris-x86 0.6.0 76.80 WARN
r-release-linux-x86_64 0.6.0 3.26 41.69 44.95 OK
r-release-windows-ix86+x86_64 0.6.0 9.00 55.00 64.00 OK
r-release-osx-x86_64 0.6.0 WARN
r-oldrel-windows-ix86+x86_64 0.6.0 6.00 54.00 60.00 OK
r-oldrel-osx-x86_64 0.6.0 WARN

Check Details

Version: 0.6.0
Check: re-building of vignette outputs
Result: WARN
    Error(s) in re-building vignettes:
     ...
    --- re-building ‘introduction.Rmd’ using rmarkdown
    Warning in engine$weave(file, quiet = quiet, encoding = enc) :
     Pandoc (>= 1.12.3) and/or pandoc-citeproc not available. Falling back to R Markdown v1.
    
    Attaching package: 'dplyr'
    
    The following objects are masked from 'package:stats':
    
     filter, lag
    
    The following objects are masked from 'package:base':
    
     intersect, setdiff, setequal, union
    
    Quitting from lines 67-77 (introduction.Rmd)
    Error: processing vignette 'introduction.Rmd' failed with diagnostics:
    cannot open the connection
    --- failed re-building ‘introduction.Rmd’
    
    SUMMARY: processing the following file failed:
     ‘introduction.Rmd’
    
    Error: Vignette re-building failed.
    Execution halted
Flavors: r-patched-solaris-x86, r-release-osx-x86_64

Version: 0.6.0
Check: re-building of vignette outputs
Result: WARN
    Error in re-building vignettes:
     ...
    Warning in engine$weave(file, quiet = quiet, encoding = enc) :
     Pandoc (>= 1.12.3) and/or pandoc-citeproc not available. Falling back to R Markdown v1.
    
    Attaching package: 'dplyr'
    
    The following objects are masked from 'package:stats':
    
     filter, lag
    
    The following objects are masked from 'package:base':
    
     intersect, setdiff, setequal, union
    
    Quitting from lines 67-77 (introduction.Rmd)
    Error: processing vignette 'introduction.Rmd' failed with diagnostics:
    cannot open the connection
    Execution halted
Flavor: r-oldrel-osx-x86_64