CRAN Package Check Results for Package leaflet.providers

Last updated on 2019-09-15 08:47:20 CEST.

Flavor Version Tinstall Tcheck Ttotal Status Flags
r-devel-linux-x86_64-debian-clang 1.8.0 1.93 18.70 20.63 OK
r-devel-linux-x86_64-debian-gcc 1.8.0 1.45 15.64 17.09 OK
r-devel-linux-x86_64-fedora-clang 1.8.0 24.64 NOTE
r-devel-linux-x86_64-fedora-gcc 1.8.0 24.06 NOTE
r-devel-windows-ix86+x86_64 1.8.0 6.00 31.00 37.00 OK
r-patched-linux-x86_64 1.8.0 1.64 19.03 20.67 OK
r-patched-solaris-x86 1.8.0 37.80 NOTE
r-release-linux-x86_64 1.8.0 1.53 18.72 20.25 OK
r-release-windows-ix86+x86_64 1.8.0 4.00 44.00 48.00 OK
r-release-osx-x86_64 1.8.0 NOTE
r-oldrel-windows-ix86+x86_64 1.8.0 3.00 30.00 33.00 OK
r-oldrel-osx-x86_64 1.8.0 NOTE

Check Details

Version: 1.8.0
Check: dependencies in R code
Result: NOTE
    Namespace in Imports field not imported from: ‘htmltools’
     All declared Imports should be used.
Flavors: r-devel-linux-x86_64-fedora-clang, r-devel-linux-x86_64-fedora-gcc, r-patched-solaris-x86, r-release-osx-x86_64, r-oldrel-osx-x86_64