CRAN Package Check Results for Package leaflet.providers

Last updated on 2024-04-19 10:57:29 CEST.

Flavor Version Tinstall Tcheck Ttotal Status Flags
r-devel-linux-x86_64-debian-clang 2.0.0 2.45 32.37 34.82 OK
r-devel-linux-x86_64-debian-gcc 2.0.0 OK
r-devel-linux-x86_64-fedora-clang 2.0.0 43.81 OK
r-devel-linux-x86_64-fedora-gcc 2.0.0 41.52 OK
r-prerel-macos-arm64 2.0.0 21.00 NOTE
r-prerel-windows-x86_64 2.0.0 3.00 51.00 54.00 OK
r-patched-linux-x86_64 2.0.0 2.38 31.41 33.79 OK
r-release-linux-x86_64 2.0.0 2.27 31.60 33.87 OK
r-release-macos-arm64 2.0.0 23.00 OK
r-release-macos-x86_64 2.0.0 45.00 OK
r-release-windows-x86_64 2.0.0 4.00 53.00 57.00 OK
r-oldrel-macos-arm64 2.0.0 23.00 OK
r-oldrel-windows-x86_64 2.0.0 4.00 57.00 61.00 OK

Check Details

Version: 2.0.0
Check: package dependencies
Result: NOTE Package suggested but not available for checking: ‘V8’ Flavor: r-prerel-macos-arm64